{"id":799,"date":"2026-04-20T20:32:34","date_gmt":"2026-04-20T18:32:34","guid":{"rendered":"https:\/\/engesztelotarsulas.hu\/?page_id=799"},"modified":"2026-04-20T20:54:21","modified_gmt":"2026-04-20T18:54:21","slug":"imafuzer-es-kilenced","status":"publish","type":"page","link":"https:\/\/engesztelotarsulas.hu\/index.php\/imafuzer-es-kilenced\/","title":{"rendered":"Imaf\u00fcz\u00e9r \u00e9s Kilenced"},"content":{"rendered":"<p>&nbsp;<\/p>\n<p>Ez a k\u00fcl\u00f6nf\u00e9le im\u00e1kb\u00f3l \u00e1ll\u00f3 imaf\u00fcz\u00e9r egyszer\u0171\u00a0\u00a0<a title=\"pdf v\u00e1ltozata itt let\u00f6lthet\u0151.\" href=\"https:\/\/engesztelok.hu\/oofeetse\/2024\/02\/kilenced_szmsz.pdf\" target=\"_blank\" rel=\"noopener\">pdf v\u00e1ltozata itt let\u00f6lthet\u0151.<\/a><\/p>\n<p><strong>A keresztre:\u00a0<\/strong>Itt f\u00fcgg a mi hit\u00fcnk, a mi rem\u00e9ny\u00fcnk, a mi szeretet\u00fcnk, \u00e9let\u00fcnk, \u00fcdv\u00f6ss\u00e9g\u00fcnk \u00e9s gy\u0151zelm\u00fcnk!<\/p>\n<p><strong>A nagy szemekre:\u00a0<\/strong>Dics\u0151s\u00e9g az Aty\u00e1nak, dics\u0151s\u00e9g a Fi\u00fanak, dics\u0151s\u00e9g a Szentl\u00e9leknek, a Szepl\u0151telen Sz\u0171z, a Vil\u00e1g Gy\u0151zelmes Kir\u00e1lyn\u0151je \u00e1ltal, most \u00e9s mind\u00f6r\u00f6kk\u00e9. Amen. Alleluja! Ave Maria! \u00c9ljen a Vil\u00e1g Gy\u0151zelmes Kir\u00e1lyn\u0151je!<\/p>\n<p><strong>H\u00e1rom kisszemre:\u00a0<\/strong>h\u00e1rom \u00dcdv\u00f6zl\u00e9gy M\u00e1ria<\/p>\n<p><strong>A kis szemekre:\u00a0<\/strong>Sz\u0171z M\u00e1ria! Vil\u00e1g Gy\u0151zelmes Kir\u00e1lyn\u0151je, most mutasd meg hatalmadat!<\/p>\n<p><strong>V\u00e9g\u00fcl h\u00e1romszor:\u00a0<\/strong>Szent, szent, szent a Seregek Ura, Istene, telve van az \u00e9g \u00e9s a f\u00f6ld az \u0150 dics\u0151s\u00e9g\u00e9vel! \u00c1ldott ki az \u00dar nev\u00e9ben j\u0151! Dics\u00e9ret, h\u00e1la, szeretet \u00e9s dics\u0151s\u00e9g legyen neked, Isten\u00fcnk, hogy a Vil\u00e1g Gy\u0151zelmes Kir\u00e1lyn\u0151j\u00e9t adtad min\u00e9k\u00fcnk!<\/p>\n<p>***<\/p>\n<p>(Imprimatur. No7457\/1947. Vacii, die 28-a Octobris 1947. + Josephus Episcopus.)<\/p>\n<p>Forr\u00e1s: T\u00f6bblet engesztel\u0151 ima\u00f3ra<\/p>\n<p>&nbsp;<\/p>\n<p><strong>Kilenced Sz\u0171z M\u00e1ria Szepl\u0151telen Sz\u00edv\u00e9hez<br \/>\n<\/strong><\/p>\n<p>A kilenced a katolikus hagyom\u00e1nyban ismert \u00e1jtatoss\u00e1ga. Kilenc napon, h\u00e9ten, vagy h\u00f3napon kereszt\u00fcl im\u00e1dkozunk egy adott sz\u00e1nd\u00e9kra, jelezve ezzel kitart\u00f3 sz\u00e1nd\u00e9kunkat. Sz\u0171z M\u00e1ria, a Vil\u00e1g Gy\u0151zelmes Kir\u00e1lyn\u0151je tisztelet\u00e9re \u00f6ssze\u00e1ll\u00edtott r\u00f3zsaf\u00fcz\u00e9rre a v\u00e1ci p\u00fcsp\u00f6k, P\u00e9teri J\u00f3zsef adott egyh\u00e1zi j\u00f3v\u00e1hagy\u00e1st 1947-ben. C\u00e9lszer\u0171 ebbe a kilencedbe a h\u00e9t t\u00f6bbi napj\u00e1n is bekapcsol\u00f3dni, mert a k\u00f6z\u00f6s im\u00e1nak mindig nagyobb az ereje, mint az egy\u00e9ni im\u00e1nak.<br \/>\nSokan r\u00e9g\u00f3ta im\u00e1dkozz\u00e1k ezeket a kilencedeket \u2013 vagy csak a bevezet\u0151 im\u00e1t, vagy az arra a napra es\u0151 foh\u00e1szt. \u00e9s\/vagy a Vil\u00e1g Gy\u0151zelmes Kir\u00e1lyn\u0151je r\u00f3zsaf\u00fcz\u00e9rt is \u2013 kinek-kinek az ideje hogyan engedi.<br \/>\nEbb\u0151l a men\u00fcpontb\u00f3l minden nap kiolvashat\u00f3, hogy h\u00e1nyadik napn\u00e1l illetve h\u00e1nyadik h\u00f3napn\u00e1l tart a kilenced..<\/p>\n<p>Ez a k\u00fcl\u00f6nf\u00e9le im\u00e1kb\u00f3l \u00e1ll\u00f3 imaf\u00fcz\u00e9r egyszer\u0171\u00a0\u00a0<a title=\"pdf v\u00e1ltozata itt let\u00f6lthet\u0151.\" href=\"https:\/\/engesztelok.hu\/oofeetse\/2024\/02\/kilenced_szmsz.pdf\" target=\"_blank\" rel=\"noopener\">pdf v\u00e1ltozata itt let\u00f6lthet\u0151.<\/a><\/p>\n<p>Az imaf\u00fcz\u00e9r nyomtathat\u00f3 f\u00e9lbehajthat\u00f3\u00a0<a title=\"t\u00f6bb oldalas\" href=\"https:\/\/engesztelok.hu\/oofeetse\/2024\/02\/kilenced_4old.pdf\" target=\"_blank\" rel=\"noopener\">t\u00f6bb oldalas<\/a>\u00a0v\u00e1ltozata (4 oldal egy lapra)<\/p>\n<p>A Nagy Kilencedet minden h\u00f3nap els\u0151 szombatj\u00e1n mondjuk a Sz\u0171zanya Szepl\u0151telen Sz\u00edv\u00e9nek az engesztel\u00e9s\u00e9re az eredeti fatimai sz\u00e1nd\u00e9k szerint.<\/p>\n<p>A kis kilencedet pedig minden nap egym\u00e1s ut\u00e1n. Ezt felaj\u00e1nlhatjuk pl. nemzet\u00fcnk\u00e9rt, el\u00f6lj\u00e1r\u00f3ink\u00e9rt, k\u00f6z\u00f6ss\u00e9geink\u00e9rt, csal\u00e1dunk\u00e9rt, betegek\u00e9rt a nagy magyar engesztel\u00e9s tov\u00e1bbi siker\u00e9\u00e9rt, \u00e9s egy\u00e9b sz\u00e1nd\u00e9kokra is.<\/p>\n<p><strong>Bevezet\u0151 ima minden nap:<\/strong><\/p>\n<p>\u00c9gi Kir\u00e1lyn\u0151nk \u00e9s Any\u00e1nk! Gyermeki bizalommal \u00e9s szeret\u0151 l\u00e9lekkel k\u00f6zeled\u00fcnk Szepl\u0151telen anyai Sz\u00edvedhez, hogy er\u0151nkh\u00f6z m\u00e9rten dics\u00e9rj\u00fcnk, magasztaljunk, \u00e9s k\u00f6zbenj\u00e1r\u00e1sodat k\u00e9rj\u00fck. Csek\u00e9ly h\u00f3dolatunkat egyes\u00edtj\u00fck azzal a dics\u00e9rettel, amellyel T\u00e9ged a boldog angyali Karok, minden szentek a mennyben \u00e9s h\u0171 szolg\u00e1id a f\u00f6ld\u00f6n buzgalommal magasztalnak. Egyes\u00edtj\u00fck mindenekel\u0151tt azzal az egyed\u00fcl\u00e1ll\u00f3 dics\u00e9rettel, amellyel T\u00e9ged a Legszentebb H\u00e1roms\u00e1g megtisztel. T\u00e9ged dics\u0151\u00edtenek, Isten kiv\u00e1lasztott Le\u00e1nya, M\u00e1tk\u00e1ja, Isten Anyja. Ne feledkezz meg r\u00f3lunk, akik Hozz\u00e1d s\u00f3hajtozunk, \u00e9s nagy bizalommal ki\u00e1ltunk e siralom v\u00f6lgy\u00e9b\u0151l. Eszk\u00f6z\u00f6ld ki Istent\u0151l sz\u00e1munkra azokat a kegyelmeket, amelyeket e kilencedben k\u00e9r\u00fcnk.<\/p>\n<p>&nbsp;<\/p>\n<p>&nbsp;<\/p>\n","protected":false},"excerpt":{"rendered":"<p>&nbsp; Ez a k\u00fcl\u00f6nf\u00e9le im\u00e1kb\u00f3l \u00e1ll\u00f3 imaf\u00fcz\u00e9r egyszer\u0171\u00a0\u00a0pdf v\u00e1ltozata itt let\u00f6lthet\u0151. A keresztre:\u00a0Itt f\u00fcgg a mi hit\u00fcnk, a mi rem\u00e9ny\u00fcnk, a mi szeretet\u00fcnk, \u00e9let\u00fcnk, \u00fcdv\u00f6ss\u00e9g\u00fcnk \u00e9s gy\u0151zelm\u00fcnk! A nagy szemekre:\u00a0Dics\u0151s\u00e9g az Aty\u00e1nak, dics\u0151s\u00e9g a Fi\u00fanak, dics\u0151s\u00e9g a Szentl\u00e9leknek, a Szepl\u0151telen Sz\u0171z, a Vil\u00e1g Gy\u0151zelmes Kir\u00e1lyn\u0151je \u00e1ltal, most \u00e9s mind\u00f6r\u00f6kk\u00e9. Amen. Alleluja! Ave Maria! \u00c9ljen a &#8230; <span class=\"more\"><a class=\"more-link\" href=\"https:\/\/engesztelotarsulas.hu\/index.php\/imafuzer-es-kilenced\/\">[Read more&#8230;]<\/a><\/span><\/p>\n","protected":false},"author":1,"featured_media":809,"parent":0,"menu_order":0,"comment_status":"closed","ping_status":"closed","template":"","meta":{"footnotes":""},"class_list":{"0":"entry","1":"page","2":"publish","3":"author-engeszte","4":"post-799","6":"has-post-thumbnail"},"_links":{"self":[{"href":"https:\/\/engesztelotarsulas.hu\/index.php\/wp-json\/wp\/v2\/pages\/799","targetHints":{"allow":["GET"]}}],"collection":[{"href":"https:\/\/engesztelotarsulas.hu\/index.php\/wp-json\/wp\/v2\/pages"}],"about":[{"href":"https:\/\/engesztelotarsulas.hu\/index.php\/wp-json\/wp\/v2\/types\/page"}],"author":[{"embeddable":true,"href":"https:\/\/engesztelotarsulas.hu\/index.php\/wp-json\/wp\/v2\/users\/1"}],"replies":[{"embeddable":true,"href":"https:\/\/engesztelotarsulas.hu\/index.php\/wp-json\/wp\/v2\/comments?post=799"}],"version-history":[{"count":9,"href":"https:\/\/engesztelotarsulas.hu\/index.php\/wp-json\/wp\/v2\/pages\/799\/revisions"}],"predecessor-version":[{"id":811,"href":"https:\/\/engesztelotarsulas.hu\/index.php\/wp-json\/wp\/v2\/pages\/799\/revisions\/811"}],"wp:featuredmedia":[{"embeddable":true,"href":"https:\/\/engesztelotarsulas.hu\/index.php\/wp-json\/wp\/v2\/media\/809"}],"wp:attachment":[{"href":"https:\/\/engesztelotarsulas.hu\/index.php\/wp-json\/wp\/v2\/media?parent=799"}],"curies":[{"name":"wp","href":"https:\/\/api.w.org\/{rel}","templated":true}]}}

Imafüzér és Kilenced

<p>&nbsp;</p>
<p>Ez a különféle imákból álló imafüzér egyszerű  <a title="pdf változata itt letölthető." href="https://engesztelok.hu/oofeetse/2024/02/kilenced_szmsz.pdf" target="_blank" rel="noopener">pdf változata itt letölthető.</a></p>
<p><strong>A keresztre: </strong>Itt függ a mi hitünk, a mi reményünk, a mi szeretetünk, életünk, üdvösségünk és győzelmünk!</p>
<p><strong>A nagy szemekre: </strong>Dicsőség az Atyának, dicsőség a Fiúnak, dicsőség a Szentléleknek, a Szeplőtelen Szűz, a Világ Győzelmes Királynője által, most és mindörökké. Amen. Alleluja! Ave Maria! Éljen a Világ Győzelmes Királynője!</p>
<p><strong>Három kisszemre: </strong>három Üdvözlégy Mária</p>
<p><strong>A kis szemekre: </strong>Szűz Mária! Világ Győzelmes Királynője, most mutasd meg hatalmadat!</p>
<p><strong>Végül háromszor: </strong>Szent, szent, szent a Seregek Ura, Istene, telve van az ég és a föld az Ő dicsőségével! Áldott ki az Úr nevében jő! Dicséret, hála, szeretet és dicsőség legyen neked, Istenünk, hogy a Világ Győzelmes Királynőjét adtad minékünk!</p>
<p>***</p>
<p>(Imprimatur. No7457/1947. Vacii, die 28-a Octobris 1947. + Josephus Episcopus.)</p>
<p>Forrás: Többlet engesztelő imaóra</p>
<p>&nbsp;</p>
<p><strong>Kilenced Szűz Mária Szeplőtelen Szívéhez<br />
</strong></p>
<p>A kilenced a katolikus hagyományban ismert ájtatossága. Kilenc napon, héten, vagy hónapon keresztül imádkozunk egy adott szándékra, jelezve ezzel kitartó szándékunkat. Szűz Mária, a Világ Győzelmes Királynője tiszteletére összeállított rózsafüzérre a váci püspök, Péteri József adott egyházi jóváhagyást 1947-ben. Célszerű ebbe a kilencedbe a hét többi napján is bekapcsolódni, mert a közös imának mindig nagyobb az ereje, mint az egyéni imának.<br />
Sokan régóta imádkozzák ezeket a kilencedeket – vagy csak a bevezető imát, vagy az arra a napra eső fohászt. és/vagy a Világ Győzelmes Királynője rózsafüzért is – kinek-kinek az ideje hogyan engedi.<br />
Ebből a menüpontból minden nap kiolvasható, hogy hányadik napnál illetve hányadik hónapnál tart a kilenced..</p>
<p>Ez a különféle imákból álló imafüzér egyszerű  <a title="pdf változata itt letölthető." href="https://engesztelok.hu/oofeetse/2024/02/kilenced_szmsz.pdf" target="_blank" rel="noopener">pdf változata itt letölthető.</a></p>
<p>Az imafüzér nyomtatható félbehajtható <a title="több oldalas" href="https://engesztelok.hu/oofeetse/2024/02/kilenced_4old.pdf" target="_blank" rel="noopener">több oldalas</a> változata (4 oldal egy lapra)</p>
<p>A Nagy Kilencedet minden hónap első szombatján mondjuk a Szűzanya Szeplőtelen Szívének az engesztelésére az eredeti fatimai szándék szerint.</p>
<p>A kis kilencedet pedig minden nap egymás után. Ezt felajánlhatjuk pl. nemzetünkért, elöljáróinkért, közösségeinkért, családunkért, betegekért a nagy magyar engesztelés további sikeréért, és egyéb szándékokra is.</p>
<p><strong>Bevezető ima minden nap:</strong></p>
<p>Égi Királynőnk és Anyánk! Gyermeki bizalommal és szerető lélekkel közeledünk Szeplőtelen anyai Szívedhez, hogy erőnkhöz mérten dicsérjünk, magasztaljunk, és közbenjárásodat kérjük. Csekély hódolatunkat egyesítjük azzal a dicsérettel, amellyel Téged a boldog angyali Karok, minden szentek a mennyben és hű szolgáid a földön buzgalommal magasztalnak. Egyesítjük mindenekelőtt azzal az egyedülálló dicsérettel, amellyel Téged a Legszentebb Háromság megtisztel. Téged dicsőítenek, Isten kiválasztott Leánya, Mátkája, Isten Anyja. Ne feledkezz meg rólunk, akik Hozzád sóhajtozunk, és nagy bizalommal kiáltunk e siralom völgyéből. Eszközöld ki Istentől számunkra azokat a kegyelmeket, amelyeket e kilencedben kérünk.</p>
<p>&nbsp;</p>
<p>&nbsp;</p>

<p>&nbsp; Ez a különféle imákból álló imafüzér egyszerű  pdf változata itt letölthető. A keresztre: Itt függ a mi hitünk, a mi reményünk, a mi szeretetünk, életünk, üdvösségünk és győzelmünk! A nagy szemekre: Dicsőség az Atyának, dicsőség a Fiúnak, dicsőség a Szentléleknek, a Szeplőtelen Szűz, a Világ Győzelmes Királynője által, most és mindörökké. Amen. Alleluja! Ave Maria! Éljen a &#8230; <span class="more"><a class="more-link" href="https://engesztelotarsulas.hu/index.php/imafuzer-es-kilenced/">[Read more&#8230;]</a></span></p>
