{"id":777,"date":"2026-04-20T19:44:19","date_gmt":"2026-04-20T17:44:19","guid":{"rendered":"https:\/\/engesztelotarsulas.hu\/?page_id=777"},"modified":"2026-04-20T21:03:35","modified_gmt":"2026-04-20T19:03:35","slug":"eloljaroink","status":"publish","type":"page","link":"https:\/\/engesztelotarsulas.hu\/index.php\/eloljaroink\/","title":{"rendered":"El\u0151lj\u00e1r\u00f3ink"},"content":{"rendered":"<p><center><b>Dr. Sz\u00e9kely J\u00e1nos<\/b><\/center><center><b>szombathelyi megy\u00e9sp\u00fcsp\u00f6k,<br \/>\naz MKPK eln\u00f6ke<\/b><\/center><center><a href=\"https:\/\/szekelyjanos.hu\/\">https:\/\/szekelyjanos.hu\/<\/a><\/center>&nbsp;<\/p>\n<p>&nbsp;<\/p>\n<h2>Dr. Sz\u00e9kely J\u00e1nos (2017-<\/h2>\n<div class=\"sTartalom\">\n<div class=\"lelkipasztorAdatlap\">\n<p>1964. j\u00fanius 7-\u00e9n sz\u00fcletett Budapesten. Az \u00e9retts\u00e9gi ut\u00e1n az Esztergomi Hittudom\u00e1nyi F\u0151iskola, majd Budapesten a P\u00e1zm\u00e1ny P\u00e9ter Hittudom\u00e1nyi Akad\u00e9mia hallgat\u00f3ja, majd 1987 \u00e9s 1991 k\u00f6z\u00f6tt a Cremisan-Betlehem-i Saint Paul&#8217;s Theological College n\u00f6vend\u00e9ke. 1995-ben licenci\u00e1tusi fokozatot szerzett R\u00f3m\u00e1ban a P\u00e1pai Biblikus Int\u00e9zetben, majd elkezdte a doktori kurzust. 1997-ben szerzett PhD fokozatot a P\u00e1zm\u00e1ny P\u00e9ter Katolikus Egyetem Hittudom\u00e1nyi Kar\u00e1n.<\/p>\n<p>1991-ben szentelt\u00e9k diak\u00f3nuss\u00e1 Jeruzs\u00e1lemben, majd ugyanebben az \u00e9vben r\u00e9szes\u00fclt a papszentel\u00e9sben. 1991 \u00e9s 1993 k\u00f6z\u00f6tt k\u00e1pl\u00e1n \u00c9rsekvadkerten. R\u00f3mai tanulm\u00e1nyai ut\u00e1n 1996 \u00e9s 1998 k\u00f6z\u00f6tt Budapesten a R\u00f3zs\u00e1k ter\u00e9n pl\u00e9b\u00e1noshelyettes. 1998 \u00e9s 2001 k\u00f6z\u00f6tt pl\u00e9b\u00e1nos Budapest-Sz\u00e9phalmon, 1999-t\u0151l Hidegk\u00faton is. 2001 \u00e9s 2005 k\u00f6z\u00f6tt spiritu\u00e1lis a budapesti K\u00f6zponti Papnevel\u0151 Int\u00e9zetben. 2005 \u00e9s 2006 k\u00f6z\u00f6tt a budapesti \u00d6r\u00f6kim\u00e1d\u00e1s templom igazgat\u00f3ja. 2006 \u00e9s 2007 k\u00f6z\u00f6tt pl\u00e9b\u00e1nos Esztergomban, a Szent Anna pl\u00e9b\u00e1ni\u00e1n. 2006-t\u00f3l az Esztergomi Hittudom\u00e1nyi F\u0151iskola rektora.<\/p>\n<p>2007. november 14-t\u0151l az Esztergom-Budapesti F\u0151egyh\u00e1zmegye seg\u00e9dp\u00fcsp\u00f6ke. P\u00fcsp\u00f6kk\u00e9 szentel\u00e9se 2008. janu\u00e1r 5-\u00e9n volt Esztergomban.<br \/>\nFerenc p\u00e1pa 2017. j\u00fanius 18-\u00e1n szombathelyi megy\u00e9sp\u00fcsp\u00f6kk\u00e9 nevezte ki. Beiktat\u00e1s\u00e1ra 2017. j\u00falius 8-\u00e1n ker\u00fclt sor a szombathelyi Sz\u00e9kesegyh\u00e1zban.<\/p>\n<p>A Magyar Katolikus P\u00fcsp\u00f6ki Konferencia Cig\u00e1nypasztor\u00e1ci\u00f3s Bizotts\u00e1g\u00e1nak vezet\u0151je, \u00e9s a Caritas in Veritate Bizotts\u00e1g eln\u00f6ke, valamint tagja az Oktat\u00e1si, a Hivat\u00e1sgondoz\u00f3 \u00e9s a Feln\u0151ttk\u00e9pz\u00e9si Bizotts\u00e1gnak. Eln\u00f6ke a Boldog Ceferino Int\u00e9zetnek \u00e9s a Kereszt\u00e9ny Zsid\u00f3 Tan\u00e1cs Egyes\u00fcletnek.<\/p>\n<p>2025. szeptember 3-t\u00f3l a Magyra Katolikus P\u00fcsp\u00f6ki Konferencia eln\u00f6ke.<\/p>\n<p>P\u00fcsp\u00f6ki jelmondata: &#8222;Mindenki \u0150\u00e9rte \u00e9l!&#8221; (Lk 20,38)<\/p>\n<p><a href=\"https:\/\/martinus.hu\/hu\/egyhazmegye\/puspokeink\/dr-szekely-janos-2017\">https:\/\/martinus.hu\/hu\/egyhazmegye\/puspokeink\/dr-szekely-janos-2017<\/a><\/p>\n<\/div>\n<\/div>\n","protected":false},"excerpt":{"rendered":"<p>Dr. Sz\u00e9kely J\u00e1nosszombathelyi megy\u00e9sp\u00fcsp\u00f6k, az MKPK eln\u00f6kehttps:\/\/szekelyjanos.hu\/&nbsp; &nbsp; Dr. Sz\u00e9kely J\u00e1nos (2017- 1964. j\u00fanius 7-\u00e9n sz\u00fcletett Budapesten. Az \u00e9retts\u00e9gi ut\u00e1n az Esztergomi Hittudom\u00e1nyi F\u0151iskola, majd Budapesten a P\u00e1zm\u00e1ny P\u00e9ter Hittudom\u00e1nyi Akad\u00e9mia hallgat\u00f3ja, majd 1987 \u00e9s 1991 k\u00f6z\u00f6tt a Cremisan-Betlehem-i Saint Paul&#8217;s Theological College n\u00f6vend\u00e9ke. 1995-ben licenci\u00e1tusi fokozatot szerzett R\u00f3m\u00e1ban a P\u00e1pai Biblikus Int\u00e9zetben, majd elkezdte &#8230; <span class=\"more\"><a class=\"more-link\" href=\"https:\/\/engesztelotarsulas.hu\/index.php\/eloljaroink\/\">[Read more&#8230;]<\/a><\/span><\/p>\n","protected":false},"author":1,"featured_media":664,"parent":0,"menu_order":0,"comment_status":"closed","ping_status":"closed","template":"","meta":{"footnotes":""},"class_list":{"0":"entry","1":"page","2":"publish","3":"author-engeszte","4":"post-777","6":"has-post-thumbnail"},"_links":{"self":[{"href":"https:\/\/engesztelotarsulas.hu\/index.php\/wp-json\/wp\/v2\/pages\/777","targetHints":{"allow":["GET"]}}],"collection":[{"href":"https:\/\/engesztelotarsulas.hu\/index.php\/wp-json\/wp\/v2\/pages"}],"about":[{"href":"https:\/\/engesztelotarsulas.hu\/index.php\/wp-json\/wp\/v2\/types\/page"}],"author":[{"embeddable":true,"href":"https:\/\/engesztelotarsulas.hu\/index.php\/wp-json\/wp\/v2\/users\/1"}],"replies":[{"embeddable":true,"href":"https:\/\/engesztelotarsulas.hu\/index.php\/wp-json\/wp\/v2\/comments?post=777"}],"version-history":[{"count":4,"href":"https:\/\/engesztelotarsulas.hu\/index.php\/wp-json\/wp\/v2\/pages\/777\/revisions"}],"predecessor-version":[{"id":815,"href":"https:\/\/engesztelotarsulas.hu\/index.php\/wp-json\/wp\/v2\/pages\/777\/revisions\/815"}],"wp:featuredmedia":[{"embeddable":true,"href":"https:\/\/engesztelotarsulas.hu\/index.php\/wp-json\/wp\/v2\/media\/664"}],"wp:attachment":[{"href":"https:\/\/engesztelotarsulas.hu\/index.php\/wp-json\/wp\/v2\/media?parent=777"}],"curies":[{"name":"wp","href":"https:\/\/api.w.org\/{rel}","templated":true}]}}

Előljáróink

<p><center><b>Dr. Székely János</b></center><center><b>szombathelyi megyéspüspök,<br />
az MKPK elnöke</b></center><center><a href="https://szekelyjanos.hu/">https://szekelyjanos.hu/</a></center>&nbsp;</p>
<p>&nbsp;</p>
<h2>Dr. Székely János (2017-</h2>
<div class="sTartalom">
<div class="lelkipasztorAdatlap">
<p>1964. június 7-én született Budapesten. Az érettségi után az Esztergomi Hittudományi Főiskola, majd Budapesten a Pázmány Péter Hittudományi Akadémia hallgatója, majd 1987 és 1991 között a Cremisan-Betlehem-i Saint Paul&#8217;s Theological College növendéke. 1995-ben licenciátusi fokozatot szerzett Rómában a Pápai Biblikus Intézetben, majd elkezdte a doktori kurzust. 1997-ben szerzett PhD fokozatot a Pázmány Péter Katolikus Egyetem Hittudományi Karán.</p>
<p>1991-ben szentelték diakónussá Jeruzsálemben, majd ugyanebben az évben részesült a papszentelésben. 1991 és 1993 között káplán Érsekvadkerten. Római tanulmányai után 1996 és 1998 között Budapesten a Rózsák terén plébánoshelyettes. 1998 és 2001 között plébános Budapest-Széphalmon, 1999-től Hidegkúton is. 2001 és 2005 között spirituális a budapesti Központi Papnevelő Intézetben. 2005 és 2006 között a budapesti Örökimádás templom igazgatója. 2006 és 2007 között plébános Esztergomban, a Szent Anna plébánián. 2006-tól az Esztergomi Hittudományi Főiskola rektora.</p>
<p>2007. november 14-től az Esztergom-Budapesti Főegyházmegye segédpüspöke. Püspökké szentelése 2008. január 5-én volt Esztergomban.<br />
Ferenc pápa 2017. június 18-án szombathelyi megyéspüspökké nevezte ki. Beiktatására 2017. július 8-án került sor a szombathelyi Székesegyházban.</p>
<p>A Magyar Katolikus Püspöki Konferencia Cigánypasztorációs Bizottságának vezetője, és a Caritas in Veritate Bizottság elnöke, valamint tagja az Oktatási, a Hivatásgondozó és a Felnőttképzési Bizottságnak. Elnöke a Boldog Ceferino Intézetnek és a Keresztény Zsidó Tanács Egyesületnek.</p>
<p>2025. szeptember 3-tól a Magyra Katolikus Püspöki Konferencia elnöke.</p>
<p>Püspöki jelmondata: &#8222;Mindenki Őérte él!&#8221; (Lk 20,38)</p>
<p><a href="https://martinus.hu/hu/egyhazmegye/puspokeink/dr-szekely-janos-2017">https://martinus.hu/hu/egyhazmegye/puspokeink/dr-szekely-janos-2017</a></p>
</div>
</div>

<p>Dr. Székely Jánosszombathelyi megyéspüspök, az MKPK elnökehttps://szekelyjanos.hu/&nbsp; &nbsp; Dr. Székely János (2017- 1964. június 7-én született Budapesten. Az érettségi után az Esztergomi Hittudományi Főiskola, majd Budapesten a Pázmány Péter Hittudományi Akadémia hallgatója, majd 1987 és 1991 között a Cremisan-Betlehem-i Saint Paul&#8217;s Theological College növendéke. 1995-ben licenciátusi fokozatot szerzett Rómában a Pápai Biblikus Intézetben, majd elkezdte &#8230; <span class="more"><a class="more-link" href="https://engesztelotarsulas.hu/index.php/eloljaroink/">[Read more&#8230;]</a></span></p>
