{"id":693,"date":"2026-04-16T22:58:14","date_gmt":"2026-04-16T20:58:14","guid":{"rendered":"https:\/\/engesztelotarsulas.hu\/?page_id=693"},"modified":"2026-04-21T09:03:15","modified_gmt":"2026-04-21T07:03:15","slug":"celldomolk-zarandokhely","status":"publish","type":"page","link":"https:\/\/engesztelotarsulas.hu\/index.php\/celldomolk-zarandokhely\/","title":{"rendered":"CELLD\u00d6M\u00d6LK ZAR\u00c1NDOKHELY"},"content":{"rendered":"<p><strong>A kis-m\u00e1riacelli b\u00facs\u00faj\u00e1r\u00f3hely t\u00f6rt\u00e9nete\u00a0<\/strong><\/p>\n<p>A kis-m\u00e1riacelli b\u00facs\u00faj\u00e1r\u00f3hely t\u00f6rt\u00e9nete szorosan kapcsol\u00f3dik a d\u00f6m\u00f6lki ap\u00e1ts\u00e1g t\u00f6rt\u00e9net\u00e9hez. Kemenesalja kialudt t\u0171zh\u00e1ny\u00f3 hegy\u00e9nek, a S\u00e1ghegynek \u00e9szakkeleti t\u00f6v\u00e9ben alap\u00edtott\u00e1k az \u00c1rp\u00e1d-h\u00e1ziak kor\u00e1ban, Sz\u0171z M\u00e1ria tisztelet\u00e9re a d\u00f6m\u00f6lki benc\u00e9s ap\u00e1ts\u00e1got, hogy benne az istentisztelet \u00e9s az evang\u00e9liumi tan\u00e1csok szerint val\u00f3 szerzetesi \u00e9let vir\u00e1gozz\u00e9k.Sem az ap\u00e1ts\u00e1g alap\u00edt\u00f3j\u00e1t, sem alap\u00edt\u00f3level\u00e9t nem ismerj\u00fck.<br \/>\nEls\u0151 fennmaradt \u00edr\u00e1sos eml\u00edt\u00e9se 1252-b\u0151l val\u00f3, de enn\u00e9l nyilv\u00e1n kor\u00e1bbi eredet\u0171. Felt\u00e9telezhet\u0151en II. B\u00e9la kir\u00e1lyunk alap\u00edtotta, s \u00edgy keletkez\u00e9se 1133-ra tehet\u0151. L\u00e9trehoz\u00e1s\u00e1nak k\u0151bemerevedett koronatan\u00faj\u00e1t, g\u00f3tikus templom\u00e1nak romjait ma is l\u00e1thatjuk.A d\u00f6m\u00f6lki kolostor szellemi \u00e9let\u00e9nek kisug\u00e1rz\u00e1s\u00e1t jelzi az is, hogy a hely a XIV. sz\u00e1zad folyam\u00e1n egy ideig a k\u00f6zjegyz\u0151i tev\u00e9kenys\u00e9get folytat\u00f3 hiteles helyek k\u00f6z\u00e9 tartozott.<br \/>\nA szerzetesek szorgos munk\u00e1ja r\u00e9v\u00e9n az \u0151si templom b\u00facs\u00faj\u00e1r\u00f3helly\u00e9 v\u00e1lt, ahov\u00e1 nem kis sz\u00e1mban sereglettek a k\u00f6rnyez\u0151 vid\u00e9k M\u00e1ria-tisztel\u0151i.1725-ben Sajgh\u00f3 Benedek pannonhalmi f\u0151ap\u00e1t D\u00f6m\u00f6lkre l\u00e1togatott, ahol \u00f6sszeomlott kolostort, fel\u00faj\u00edt\u00e1sra v\u00e1r\u00f3 templomot \u00e9s nagy szeg\u00e9nys\u00e9get tal\u00e1lt. Szeml\u00e9je ut\u00e1n a szombathelyi sz\u00fclet\u00e9s\u0171 rendtagot, Lancsics Bonif\u00e1cot j\u00f3sz\u00e1gkorm\u00e1nyz\u00f3nak k\u00fcldte ide, aki az itt t\u00f6lt\u00f6tt \u00e9vei alatt meg\u00e1ll\u00edtotta az ap\u00e1ts\u00e1g gazdas\u00e1gi hanyatl\u00e1s\u00e1t, s ezzel p\u00e1rhuzamosan D\u00f6m\u00f6lk n\u00e9hai M\u00e1ri\u00e1s kegyhely jelleg\u00e9t is igyekezett fel\u00faj\u00edtani. Idej\u00f6tt\u00e9nek \u00e9v\u00e9ben &#8211; Nagyboldogasszony napj\u00e1ra &#8211; zar\u00e1ndoklatra h\u00edvta Kemenesvid\u00e9k papjait \u00e9s h\u00edveit. K\u00f6ztudott volt r\u00f3la, hogy haz\u00e1nkat M\u00e1ria orsz\u00e1g\u00e1nak tartotta, minek legf\u00e9nyesebb bizony\u00edt\u00e9ka a szinte minden magyar \u00e1ltal mindm\u00e1ig ismert legkedvesebb himnusza. A &#8222;Boldogasszony Any\u00e1nk&#8230;&#8221; sorai n\u00e9p\u00e9nekk\u00e9 v\u00e1ltak, s sz\u00e1jr\u00f3l sz\u00e1jra sz\u00e1lltak. J\u00f3 ideig &#8211; az 1848\/49-es szabads\u00e1gharcig, de m\u00e9g ut\u00e1na is -nemzeti himnuszk\u00e9nt \u00e9nekelt\u00e9k.<br \/>\nA d\u00f6m\u00f6lki ap\u00e1ts\u00e1g \u00fajj\u00e1\u00e9leszt\u00e9se, avagy ink\u00e1bb a kis-m\u00e1riacelli b\u00facs\u00faj\u00e1r\u00f3hely megalapoz\u00e1sa a csehorsz\u00e1gi Klattauban 1692-ben sz\u00fcletett Koptik Od\u00f3 nev\u00e9hez f\u0171z\u0151dik, aki 1713-ban l\u00e9pett a benc\u00e9s rendbe. Papp\u00e1 szentel\u00e9se ut\u00e1n a vil\u00e1gh\u00edr\u0171 zar\u00e1ndokhely, az ausztriai M\u00e1riacell kegytemplom\u00e1nak gy\u00f3ntat\u00f3papja volt. Munk\u00e1ja k\u00f6zben m\u00e9lygy\u00f6ker\u0171 M\u00e1ria-tisztelettel gazdagodott nagy tud\u00e1s\u00fa szem\u00e9lyis\u00e9ge. Szorgoss\u00e1ga \u00e9s el\u00f6lj\u00e1r\u00f3i bizalma r\u00e9v\u00e9n a salzburgi egyetem tan\u00e1ra lett, ahol a tan\u00edt\u00e1s mellett k\u00f6nyveket is \u00edrt.Koptik Od\u00f3 1739. j\u00falius 9-\u00e9n \u00e9rkezett D\u00f6m\u00f6lkre, ahol h\u00e1rom szerzetest \u00e9s nyomor\u00fas\u00e1gos k\u00f6r\u00fclm\u00e9nyeket tal\u00e1lt. Az ausztriai M\u00e1riacellb\u0151l mag\u00e1val hozta az ottani kegyszobor hiteles m\u00e1solat\u00e1t, amelynek a S\u00e1ghegyen pr\u00f3b\u00e1lt hajl\u00e9kot biztos\u00edtani. Ez a terve azonban sajnos nem siker\u00fclt. V\u00e9g\u00fcl is az \u0151si monostor-templomt\u00f3l keletre, a r\u00e9gi p\u00e1pai orsz\u00e1g\u00fat mellett \u00e9p\u00edtett fel egy fak\u00e1poln\u00e1t \u00e9s abban helyezte el a kegyszobrot. A k\u00e1polna \u00e9s a f\u00f6ldbe v\u00e1jt remetekunyh\u00f3 mellett egy \u00e1sv\u00e1nykutat is \u00e1satott Od\u00f3 ap\u00e1t. A munka k\u00f6zben a k\u00fat sz\u00e1j\u00e1b\u00f3l egy nagy k\u0151 esett a m\u00e9lyben dolgoz\u00f3 k\u0151m\u0171ves fej\u00e9re, ami megs\u00e9rtette a &#8222;nyak\u00e1n a gerincvel\u0151nek kem\u00e9ny \u00e9s puha h\u00e1rty\u00e1j\u00e1t, \u00e9s a k\u0151m\u0171ves m\u00e9gis meggy\u00f3gyult.&#8221; A k\u00f6vetkez\u0151 \u00e9vekben &#8211; tagadhatatlanul a k\u00fat\u00e1s\u00f3 csod\u00e1s gy\u00f3gyul\u00e1s\u00e1nak h\u00edr\u00e9re &#8211; zar\u00e1ndokok ezrei \u00e9rkeztek a kegyszobornak otthont ad\u00f3 fak\u00e1poln\u00e1hoz, ahol &#8211; a feljegyz\u00e9sek szerint &#8211; tov\u00e1bbi gy\u00f3gyul\u00e1sok \u00e9s imameghallgat\u00e1sok t\u00f6rt\u00e9ntek. A csod\u00e1s gy\u00f3gyul\u00e1sokr\u00f3l gr\u00f3f Zichy Ferenc gy\u0151ri p\u00fcsp\u00f6k 1745 november\u00e9ben kihirdetett hat\u00e1rozata \u00edgy sz\u00e1mol be:\u00a0<em>&#8222;Minthogy a legkegyelmesebb Istennek \u00e1ld\u00e1sai a kereszt\u00e9ny h\u00edveknek t\u00f6bbf\u00e9le \u00edns\u00e9get e szent szoborn\u00e1l megsz\u00fcntett\u00e9k, s k\u00f6r\u00fcl\u00f6tte rendk\u00edv\u00fcli meggy\u00f3gyul\u00e1sok t\u00f6rt\u00e9ntek; mint ezt a tridenti szent gy\u00fclekezet parancsa szerint f\u00f6l\u00e1ll\u00edtott \u00edt\u00e9l\u0151sz\u00e9k &#8211; k\u00f6teless\u00e9g\u00e9t kell\u0151 \u00f3vatoss\u00e1ggal teljes\u00edtv\u00e9n -val\u00f3igaznak tal\u00e1lta: mi a szent szobrot kegyelminek nyilv\u00e1n\u00edtjuk, s mint ilyent a kereszt\u00e9ny h\u00edvek k\u00f6zbuzg\u00f3 tisztelet\u00e9re kit\u00e9tetni rendelj\u00fck.&#8221;<\/em>\u00a0<em>&#8230;. &#8222;Mivel a tiszteletre m\u00e9lt\u00f3 szobor rendk\u00edv\u00fcli kegyelmek, gy\u00f3gyul\u00e1sok \u00e9s csud\u00e1knak f\u00e9ny\u00e9vel t\u00fcnd\u00f6klik, s \u00e1ltala a j\u00f3 Isten az \u0151 mindenhat\u00f3s\u00e1g\u00e1nak csud\u00e1latos tetteit nyilv\u00e1n\u00edtja ki, mi azt nem csak kegyelminek, hanem csudatev\u0151nek is valljuk, s a h\u00edvek buzg\u00f3 h\u00f3dolat\u00e1ba aj\u00e1nljuk.&#8221;\u00a0<\/em><br \/>\nEzid\u0151 t\u00e1jban t\u00f6rt\u00e9nt, hogy a szombathelyi h\u00edvek a r\u00e9gi f\u00e1b\u00f3l \u00e9p\u00fclt kegyk\u00e1poln\u00e1t k\u0151b\u0151l \u00fajj\u00e1\u00e9p\u00edttett\u00e9k, \u00e9s \u00faj olt\u00e1rt \u00e1ll\u00edttattak bele. Id\u0151k\u00f6zben az \u00faj b\u00facs\u00faj\u00e1r\u00f3hely szervez\u0151j\u00e9t, Koptik Od\u00f3t a zar\u00e1ndokok sz\u00e1m\u00e1nak folytonos n\u00f6veked\u00e9se \u00e9s a k\u00e1polna kicsinys\u00e9ge arra \u00f6szt\u00f6k\u00e9lte, hogy \u00faj templomot \u00e9p\u00edtsen. C\u00e9lja megval\u00f3s\u00edt\u00e1s\u00e1hoz els\u0151sorban a pannonhalmi f\u0151ap\u00e1t j\u00f3indulat\u00e1t akarta megszerezni, de rajta k\u00edv\u00fcl a magyar f\u0151urak s R\u00f3ma t\u00e1mogat\u00e1s\u00e1t is biztos\u00edtani akarta. C\u00e9lja val\u00f3ra v\u00e1lt\u00e1sa \u00fcgy\u00e9ben n\u00e9gy esztend\u0151n \u00e1t kilincselt az illet\u00e9kesekn\u00e9l. Az \u00e9p\u00edt\u00e9st 1747 tavasz\u00e1n kezdt\u00e9k el. A k\u00f6vetkez\u0151 \u00e9v \u0151sz\u00e9n pedig m\u00e1r \u00e1llt az \u00faj templom, s benne a k\u00e1polna a kegyszobor sz\u00e1m\u00e1ra.1748. szeptember 15-\u00e9n \u00fcnnep\u00e9lyes keretek k\u00f6z\u00f6tt ezrek k\u00eds\u00e9ret\u00e9vel vitt\u00e9k \u00e1t a kegyszobrot a v\u00e9gleges hely\u00e9re.<\/p>\n<p><a id=\"plebaniaTelefon\" href=\"tel:95\/420-135\"><img loading=\"lazy\" decoding=\"async\" class=\"alignnone size-medium wp-image-680\" src=\"https:\/\/engesztelotarsulas.hu\/wp-content\/uploads\/2026\/01\/cropped-Celldomolk_romai_katolikus_kegytemplom_2024_01-300x300.jpg\" alt=\"\" width=\"300\" height=\"300\" srcset=\"https:\/\/engesztelotarsulas.hu\/wp-content\/uploads\/2026\/01\/cropped-Celldomolk_romai_katolikus_kegytemplom_2024_01-300x300.jpg 300w, https:\/\/engesztelotarsulas.hu\/wp-content\/uploads\/2026\/01\/cropped-Celldomolk_romai_katolikus_kegytemplom_2024_01-1024x1024.jpg 1024w, https:\/\/engesztelotarsulas.hu\/wp-content\/uploads\/2026\/01\/cropped-Celldomolk_romai_katolikus_kegytemplom_2024_01-150x150.jpg 150w, https:\/\/engesztelotarsulas.hu\/wp-content\/uploads\/2026\/01\/cropped-Celldomolk_romai_katolikus_kegytemplom_2024_01-768x768.jpg 768w, https:\/\/engesztelotarsulas.hu\/wp-content\/uploads\/2026\/01\/cropped-Celldomolk_romai_katolikus_kegytemplom_2024_01.jpg 1500w\" sizes=\"auto, (max-width: 300px) 100vw, 300px\" \/><\/a><\/p>\n<p><img loading=\"lazy\" decoding=\"async\" class=\"alignnone size-medium wp-image-694\" src=\"https:\/\/engesztelotarsulas.hu\/wp-content\/uploads\/2026\/04\/Nagy-Zoltan-plebanos-300x137.jpg\" alt=\"\" width=\"300\" height=\"137\" srcset=\"https:\/\/engesztelotarsulas.hu\/wp-content\/uploads\/2026\/04\/Nagy-Zoltan-plebanos-300x137.jpg 300w, https:\/\/engesztelotarsulas.hu\/wp-content\/uploads\/2026\/04\/Nagy-Zoltan-plebanos-1024x468.jpg 1024w, https:\/\/engesztelotarsulas.hu\/wp-content\/uploads\/2026\/04\/Nagy-Zoltan-plebanos-768x351.jpg 768w, https:\/\/engesztelotarsulas.hu\/wp-content\/uploads\/2026\/04\/Nagy-Zoltan-plebanos.jpg 1259w\" sizes=\"auto, (max-width: 300px) 100vw, 300px\" \/><\/p>\n<p><span id=\"plebaniaNeve\">Nagyboldogasszony pl\u00e9b\u00e1nia <\/span><\/p>\n<p><span id=\"plebaniaKerulet\">Kemenesaljai\u00a0<\/span><span id=\"plebaniaKerulet\">Esperesi Ker\u00fclet<\/span><\/p>\n<p><span id=\"plebaniaCim\">9500 Celld\u00f6m\u00f6lk Szenth\u00e1roms\u00e1g t\u00e9r<\/span><\/p>\n<p>Tel: 95\/420-135<\/p>\n<p><img loading=\"lazy\" decoding=\"async\" class=\"alignnone size-medium wp-image-829\" src=\"https:\/\/engesztelotarsulas.hu\/wp-content\/uploads\/2026\/04\/672447506_1755324555444031_70137695227947056_n-212x300.png\" alt=\"\" width=\"212\" height=\"300\" srcset=\"https:\/\/engesztelotarsulas.hu\/wp-content\/uploads\/2026\/04\/672447506_1755324555444031_70137695227947056_n-212x300.png 212w, https:\/\/engesztelotarsulas.hu\/wp-content\/uploads\/2026\/04\/672447506_1755324555444031_70137695227947056_n-724x1024.png 724w, https:\/\/engesztelotarsulas.hu\/wp-content\/uploads\/2026\/04\/672447506_1755324555444031_70137695227947056_n-768x1086.png 768w, https:\/\/engesztelotarsulas.hu\/wp-content\/uploads\/2026\/04\/672447506_1755324555444031_70137695227947056_n-1086x1536.png 1086w, https:\/\/engesztelotarsulas.hu\/wp-content\/uploads\/2026\/04\/672447506_1755324555444031_70137695227947056_n.png 1190w\" sizes=\"auto, (max-width: 212px) 100vw, 212px\" \/><img loading=\"lazy\" decoding=\"async\" class=\"alignnone size-medium wp-image-830\" src=\"https:\/\/engesztelotarsulas.hu\/wp-content\/uploads\/2026\/04\/672343908_1474070227750105_7822214529197998422_n-212x300.png\" alt=\"\" width=\"212\" height=\"300\" srcset=\"https:\/\/engesztelotarsulas.hu\/wp-content\/uploads\/2026\/04\/672343908_1474070227750105_7822214529197998422_n-212x300.png 212w, https:\/\/engesztelotarsulas.hu\/wp-content\/uploads\/2026\/04\/672343908_1474070227750105_7822214529197998422_n-724x1024.png 724w, https:\/\/engesztelotarsulas.hu\/wp-content\/uploads\/2026\/04\/672343908_1474070227750105_7822214529197998422_n-768x1086.png 768w, https:\/\/engesztelotarsulas.hu\/wp-content\/uploads\/2026\/04\/672343908_1474070227750105_7822214529197998422_n-1086x1536.png 1086w, https:\/\/engesztelotarsulas.hu\/wp-content\/uploads\/2026\/04\/672343908_1474070227750105_7822214529197998422_n.png 1190w\" sizes=\"auto, (max-width: 212px) 100vw, 212px\" \/><\/p>\n<p>&nbsp;<\/p>\n<p>&nbsp;<\/p>\n<p><a href=\"https:\/\/martinus.hu\/hu\/nev-es-cimtar\/plebaniak-filiak\/celld-m-lk-nagyboldogasszony-plebania\">https:\/\/martinus.hu\/hu\/nev-es-cimtar\/plebaniak-filiak\/celld-m-lk-nagyboldogasszony-plebania<\/a><\/p>\n<p>SZ\u00c1LL\u00c1S:<\/p>\n<p><a href=\"https:\/\/www.kismariacell.hu\/zarandokhaz\/\">https:\/\/www.kismariacell.hu\/zarandokhaz\/<\/a><\/p>\n<p><a id=\"plebaniaEmail\" href=\"mailto:plebaniacelldomolk@gmail.com\">plebaniacelldomolk@gmail.com<\/a><\/p>\n<p>FACEBOOK:<\/p>\n<p><a href=\"https:\/\/www.facebook.com\/KiscelliKegytemplom?locale=hu_HU\">https:\/\/www.facebook.com\/KiscelliKegytemplom?locale=hu_HU<\/a><\/p>\n<p><a href=\"https:\/\/martinus.hu\/hu\/nev-es-cimtar\/plebaniak-filiak\/celld-m-lk-nagyboldogasszony-plebania\">https:\/\/martinus.hu\/hu\/nev-es-cimtar\/plebaniak-filiak\/celld-m-lk-nagyboldogasszony-plebania<\/a><\/p>\n<div id=\"divBody\">\n<div id=\"divPage\">\n<div class=\"divPageInside\">\n<h4>\u00d3 kiscelli Szent Sz\u0171z -\u00c9NEK<\/h4>\n<div style=\"width: 640px;\" class=\"wp-video\"><video class=\"wp-video-shortcode\" id=\"video-693-1\" width=\"640\" height=\"480\" preload=\"metadata\" controls=\"controls\"><source type=\"video\/mp4\" src=\"https:\/\/engesztelotarsulas.hu\/wp-content\/uploads\/2026\/04\/okiscelli-1.mp4?_=1\" \/><a href=\"https:\/\/engesztelotarsulas.hu\/wp-content\/uploads\/2026\/04\/okiscelli-1.mp4\">https:\/\/engesztelotarsulas.hu\/wp-content\/uploads\/2026\/04\/okiscelli-1.mp4<\/a><\/video><\/div>\n<div>\n<p>1.<br \/>\n\u00d3 Kiscelli szent Sz\u0171z, \u00f3 sz\u00e9p Boldogasszony!<br \/>\nEngedd, hogy j\u00f3s\u00e1god benn\u00fcnk dalt fakasszon.<br \/>\nT\u00e9ged dics\u0151\u00edt\u00fcnk, T\u00e9ged \u00e1ldva \u00e1ldunk.<br \/>\nT\u00e9ged kir\u00e1lyn\u00e9nkk\u00e1 \u00fajb\u00f3l kiki\u00e1ltunk.<\/p>\n<p>Refr.:<br \/>\n\u00d3 Kiscelli Sz\u0171z M\u00e1ria,<br \/>\n\u00e9desany\u00e1nk, p\u00e1tr\u00f3n\u00e1nk.<br \/>\nOlt\u00e1rodr\u00f3l kegyes szemmel n\u00e9zz le r\u00e1nk.<\/p>\n<p>2.<br \/>\nKedves kegyhelyedre hoztuk el sz\u00edv\u00fcnket.<br \/>\nJajjal-bajjal k\u00fczd\u0151 harcos \u00e9let\u00fcnket.<br \/>\nTekintsd meg sorsunkat, l\u00e1sd meg baj\u00e1t-b\u00faj\u00e1t.<br \/>\nV\u00e1ltoztasd b\u00e9k\u00e9re, bels\u0151 h\u00e1bor\u00faj\u00e1t.<br \/>\nRefr.: \u00d3 Kiscelli Sz\u0171z M\u00e1ria&#8230;<\/p>\n<p>3.<br \/>\nIrgalmad hatalm\u00e1t, sokszor megmutattad.<br \/>\nAz elmer\u00fcl\u0151knek szent kezed ny\u00fajtottad.<br \/>\nMinket m\u00e9lys\u00e9g sz\u00e9d\u00edt, minket \u00f6rv\u00e9ny r\u00e1ngat.<br \/>\nEmeld fel a v\u00e9szb\u0151l s\u00fcllyed\u0151 haz\u00e1nkat.<br \/>\nRefr.: \u00d3 Kiscelli Sz\u0171z M\u00e1ria&#8230;<\/p>\n<\/div>\n<div><\/div>\n<\/div>\n<\/div>\n<\/div>\n<div id=\"divFooter\">\n<p>&nbsp;<\/p>\n<\/div>\n","protected":false},"excerpt":{"rendered":"<p>A kis-m\u00e1riacelli b\u00facs\u00faj\u00e1r\u00f3hely t\u00f6rt\u00e9nete\u00a0 A kis-m\u00e1riacelli b\u00facs\u00faj\u00e1r\u00f3hely t\u00f6rt\u00e9nete szorosan kapcsol\u00f3dik a d\u00f6m\u00f6lki ap\u00e1ts\u00e1g t\u00f6rt\u00e9net\u00e9hez. Kemenesalja kialudt t\u0171zh\u00e1ny\u00f3 hegy\u00e9nek, a S\u00e1ghegynek \u00e9szakkeleti t\u00f6v\u00e9ben alap\u00edtott\u00e1k az \u00c1rp\u00e1d-h\u00e1ziak kor\u00e1ban, Sz\u0171z M\u00e1ria tisztelet\u00e9re a d\u00f6m\u00f6lki benc\u00e9s ap\u00e1ts\u00e1got, hogy benne az istentisztelet \u00e9s az evang\u00e9liumi tan\u00e1csok szerint val\u00f3 szerzetesi \u00e9let vir\u00e1gozz\u00e9k.Sem az ap\u00e1ts\u00e1g alap\u00edt\u00f3j\u00e1t, sem alap\u00edt\u00f3level\u00e9t nem ismerj\u00fck. Els\u0151 fennmaradt &#8230; <span class=\"more\"><a class=\"more-link\" href=\"https:\/\/engesztelotarsulas.hu\/index.php\/celldomolk-zarandokhely\/\">[Read more&#8230;]<\/a><\/span><\/p>\n","protected":false},"author":1,"featured_media":600,"parent":0,"menu_order":0,"comment_status":"closed","ping_status":"closed","template":"","meta":{"footnotes":""},"class_list":{"0":"entry","1":"page","2":"publish","3":"author-engeszte","4":"post-693","6":"has-post-thumbnail"},"_links":{"self":[{"href":"https:\/\/engesztelotarsulas.hu\/index.php\/wp-json\/wp\/v2\/pages\/693","targetHints":{"allow":["GET"]}}],"collection":[{"href":"https:\/\/engesztelotarsulas.hu\/index.php\/wp-json\/wp\/v2\/pages"}],"about":[{"href":"https:\/\/engesztelotarsulas.hu\/index.php\/wp-json\/wp\/v2\/types\/page"}],"author":[{"embeddable":true,"href":"https:\/\/engesztelotarsulas.hu\/index.php\/wp-json\/wp\/v2\/users\/1"}],"replies":[{"embeddable":true,"href":"https:\/\/engesztelotarsulas.hu\/index.php\/wp-json\/wp\/v2\/comments?post=693"}],"version-history":[{"count":12,"href":"https:\/\/engesztelotarsulas.hu\/index.php\/wp-json\/wp\/v2\/pages\/693\/revisions"}],"predecessor-version":[{"id":833,"href":"https:\/\/engesztelotarsulas.hu\/index.php\/wp-json\/wp\/v2\/pages\/693\/revisions\/833"}],"wp:featuredmedia":[{"embeddable":true,"href":"https:\/\/engesztelotarsulas.hu\/index.php\/wp-json\/wp\/v2\/media\/600"}],"wp:attachment":[{"href":"https:\/\/engesztelotarsulas.hu\/index.php\/wp-json\/wp\/v2\/media?parent=693"}],"curies":[{"name":"wp","href":"https:\/\/api.w.org\/{rel}","templated":true}]}}