{"id":26,"date":"2025-01-16T19:09:46","date_gmt":"2025-01-16T19:09:46","guid":{"rendered":"https:\/\/engesztelotarsulas.hu\/?page_id=26"},"modified":"2026-04-20T21:06:38","modified_gmt":"2026-04-20T19:06:38","slug":"portofolio","status":"publish","type":"page","link":"https:\/\/engesztelotarsulas.hu\/index.php\/portofolio\/","title":{"rendered":"T\u00e1rsul\u00e1s 4 \u00c1GA"},"content":{"rendered":"\r\n<figure><\/figure>\r\n<figure class=\"wp-block-image size-full\"><img loading=\"lazy\" decoding=\"async\" class=\"alignnone size-medium wp-image-743\" src=\"https:\/\/engesztelotarsulas.hu\/wp-content\/uploads\/2026\/04\/Vendegek-es-apacak-300x200.png\" alt=\"\" width=\"300\" height=\"200\" srcset=\"https:\/\/engesztelotarsulas.hu\/wp-content\/uploads\/2026\/04\/Vendegek-es-apacak-300x200.png 300w, https:\/\/engesztelotarsulas.hu\/wp-content\/uploads\/2026\/04\/Vendegek-es-apacak-1024x682.png 1024w, https:\/\/engesztelotarsulas.hu\/wp-content\/uploads\/2026\/04\/Vendegek-es-apacak-768x512.png 768w, https:\/\/engesztelotarsulas.hu\/wp-content\/uploads\/2026\/04\/Vendegek-es-apacak.png 1280w\" sizes=\"auto, (max-width: 300px) 100vw, 300px\" \/><img loading=\"lazy\" decoding=\"async\" class=\"alignnone size-medium wp-image-745\" src=\"https:\/\/engesztelotarsulas.hu\/wp-content\/uploads\/2026\/04\/Margitka--300x200.png\" alt=\"\" width=\"300\" height=\"200\" srcset=\"https:\/\/engesztelotarsulas.hu\/wp-content\/uploads\/2026\/04\/Margitka--300x200.png 300w, https:\/\/engesztelotarsulas.hu\/wp-content\/uploads\/2026\/04\/Margitka--1024x682.png 1024w, https:\/\/engesztelotarsulas.hu\/wp-content\/uploads\/2026\/04\/Margitka--768x512.png 768w, https:\/\/engesztelotarsulas.hu\/wp-content\/uploads\/2026\/04\/Margitka-.png 1280w\" sizes=\"auto, (max-width: 300px) 100vw, 300px\" \/><img loading=\"lazy\" decoding=\"async\" class=\"alignnone size-medium wp-image-746\" src=\"https:\/\/engesztelotarsulas.hu\/wp-content\/uploads\/2026\/04\/Remete-noverek-300x200.png\" alt=\"\" width=\"300\" height=\"200\" srcset=\"https:\/\/engesztelotarsulas.hu\/wp-content\/uploads\/2026\/04\/Remete-noverek-300x200.png 300w, https:\/\/engesztelotarsulas.hu\/wp-content\/uploads\/2026\/04\/Remete-noverek-1024x682.png 1024w, https:\/\/engesztelotarsulas.hu\/wp-content\/uploads\/2026\/04\/Remete-noverek-768x512.png 768w, https:\/\/engesztelotarsulas.hu\/wp-content\/uploads\/2026\/04\/Remete-noverek.png 1280w\" sizes=\"auto, (max-width: 300px) 100vw, 300px\" \/><img loading=\"lazy\" decoding=\"async\" class=\"alignnone size-medium wp-image-744\" src=\"https:\/\/engesztelotarsulas.hu\/wp-content\/uploads\/2026\/04\/Nagykanizsai-vezeto-es-csapata-300x200.png\" alt=\"\" width=\"300\" height=\"200\" srcset=\"https:\/\/engesztelotarsulas.hu\/wp-content\/uploads\/2026\/04\/Nagykanizsai-vezeto-es-csapata-300x200.png 300w, https:\/\/engesztelotarsulas.hu\/wp-content\/uploads\/2026\/04\/Nagykanizsai-vezeto-es-csapata-1024x682.png 1024w, https:\/\/engesztelotarsulas.hu\/wp-content\/uploads\/2026\/04\/Nagykanizsai-vezeto-es-csapata-768x512.png 768w, https:\/\/engesztelotarsulas.hu\/wp-content\/uploads\/2026\/04\/Nagykanizsai-vezeto-es-csapata.png 1280w\" sizes=\"auto, (max-width: 300px) 100vw, 300px\" \/><\/figure>\r\n\r\n\r\n\r\n<p><strong>TAGOK :<\/strong><\/p>\r\n\r\n\r\n\r\n<p><strong>A) Sz\u0171z M\u00e1ria a Vil\u00e1g Gy\u0151zelmes Kir\u00e1lyn\u0151je <u>Engesztel\u0151 Le\u00e1nyai \u00c1g<\/u><\/strong> (<strong>mag\u00e1nfogadalmasok)<\/strong><\/p>\r\n\r\n\r\n\r\n<p><strong>B) Sz\u0171z M\u00e1ria a Vil\u00e1g Gy\u0151zelmes Kir\u00e1lyn\u0151je <u>Engesztel\u0151 Fiai \u00c1g<\/u><\/strong> (<strong>mag\u00e1nfogadalmasok)<\/strong><\/p>\r\n\r\n\r\n\r\n<p><strong>C) M\u00e1ria a Vil\u00e1g Gy\u0151zelmes Kir\u00e1lyn\u0151je <u>Engesztel\u0151 Remet\u00e9i \u00c1g<\/u><\/strong> <strong>(remet\u00e9k \u00e9s &#8222;remete \u00a0laura&#8221; form\u00e1ban \u00e9l\u0151 tagok, szint\u00e9n mag\u00e1nfogadalmasok)<\/strong><\/p>\r\n\r\n\r\n\r\n<p><strong>D) Sz\u0171z M\u00e1ria a Vil\u00e1g Gy\u0151zelmes Kir\u00e1lyn\u0151je <u>Engesztel\u0151 Gyermekei \u00c1g<\/u><\/strong> <strong>(&#8222;t\u00e1rsult tagok&#8221; \u00a0&#8211; akik nem fogadalmat, hanem \u00edg\u00e9retet tesznek.)<\/strong><\/p>\r\n\r\n\r\n\r\n<figure class=\"wp-block-image size-large\"><img decoding=\"async\" class=\"wp-image-573\" src=\"https:\/\/engesztelotarsulas.hu\/wp-content\/uploads\/2026\/01\/20250127_180930-1024x768.jpg\" alt=\"\" \/><\/figure>\r\n","protected":false},"excerpt":{"rendered":"<p>TAGOK : A) Sz\u0171z M\u00e1ria a Vil\u00e1g Gy\u0151zelmes Kir\u00e1lyn\u0151je Engesztel\u0151 Le\u00e1nyai \u00c1g (mag\u00e1nfogadalmasok) B) Sz\u0171z M\u00e1ria a Vil\u00e1g Gy\u0151zelmes Kir\u00e1lyn\u0151je Engesztel\u0151 Fiai \u00c1g (mag\u00e1nfogadalmasok) C) M\u00e1ria a Vil\u00e1g Gy\u0151zelmes Kir\u00e1lyn\u0151je Engesztel\u0151 Remet\u00e9i \u00c1g (remet\u00e9k \u00e9s &#8222;remete \u00a0laura&#8221; form\u00e1ban \u00e9l\u0151 tagok, szint\u00e9n mag\u00e1nfogadalmasok) D) Sz\u0171z M\u00e1ria a Vil\u00e1g Gy\u0151zelmes Kir\u00e1lyn\u0151je Engesztel\u0151 Gyermekei \u00c1g (&#8222;t\u00e1rsult tagok&#8221; \u00a0&#8211; &#8230; <span class=\"more\"><a class=\"more-link\" href=\"https:\/\/engesztelotarsulas.hu\/index.php\/portofolio\/\">[Read more&#8230;]<\/a><\/span><\/p>\n","protected":false},"author":1,"featured_media":576,"parent":0,"menu_order":0,"comment_status":"closed","ping_status":"closed","template":"","meta":{"footnotes":""},"class_list":{"0":"entry","1":"page","2":"publish","3":"author-engeszte","4":"post-26","6":"has-post-thumbnail"},"_links":{"self":[{"href":"https:\/\/engesztelotarsulas.hu\/index.php\/wp-json\/wp\/v2\/pages\/26","targetHints":{"allow":["GET"]}}],"collection":[{"href":"https:\/\/engesztelotarsulas.hu\/index.php\/wp-json\/wp\/v2\/pages"}],"about":[{"href":"https:\/\/engesztelotarsulas.hu\/index.php\/wp-json\/wp\/v2\/types\/page"}],"author":[{"embeddable":true,"href":"https:\/\/engesztelotarsulas.hu\/index.php\/wp-json\/wp\/v2\/users\/1"}],"replies":[{"embeddable":true,"href":"https:\/\/engesztelotarsulas.hu\/index.php\/wp-json\/wp\/v2\/comments?post=26"}],"version-history":[{"count":30,"href":"https:\/\/engesztelotarsulas.hu\/index.php\/wp-json\/wp\/v2\/pages\/26\/revisions"}],"predecessor-version":[{"id":819,"href":"https:\/\/engesztelotarsulas.hu\/index.php\/wp-json\/wp\/v2\/pages\/26\/revisions\/819"}],"wp:featuredmedia":[{"embeddable":true,"href":"https:\/\/engesztelotarsulas.hu\/index.php\/wp-json\/wp\/v2\/media\/576"}],"wp:attachment":[{"href":"https:\/\/engesztelotarsulas.hu\/index.php\/wp-json\/wp\/v2\/media?parent=26"}],"curies":[{"name":"wp","href":"https:\/\/api.w.org\/{rel}","templated":true}]}}