{"id":23,"date":"2025-01-16T19:09:46","date_gmt":"2025-01-16T19:09:46","guid":{"rendered":"https:\/\/engesztelotarsulas.hu\/?page_id=23"},"modified":"2026-04-20T21:01:29","modified_gmt":"2026-04-20T19:01:29","slug":"home","status":"publish","type":"page","link":"https:\/\/engesztelotarsulas.hu\/","title":{"rendered":"ENGESZTEL\u0150 T\u00c1RSUL\u00c1S"},"content":{"rendered":"\r\n<h2 class=\"wp-block-heading\">&#8222;Ha lesz egymilli\u00f3 im\u00e1dkoz\u00f3 magyar, nem f\u00e9lek a j\u00f6v\u0151t\u0151l&#8221;(*) &#8211; mondta Mindszenty J\u00f3zsef b\u00edboros.<\/h2>\r\n\r\n\r\n\r\n<div class=\"wp-block-cover alignfull is-light\" style=\"min-height: 800px;aspect-ratio:unset;\"><img loading=\"lazy\" decoding=\"async\" width=\"328\" height=\"440\" class=\"wp-block-cover__image-background wp-image-338\" src=\"https:\/\/engesztelotarsulas.hu\/wp-content\/uploads\/2025\/01\/vilagkiralynoje.jpg-IKON.jpg\" alt=\"\" data-object-fit=\"cover\" srcset=\"https:\/\/engesztelotarsulas.hu\/wp-content\/uploads\/2025\/01\/vilagkiralynoje.jpg-IKON.jpg 328w, https:\/\/engesztelotarsulas.hu\/wp-content\/uploads\/2025\/01\/vilagkiralynoje.jpg-IKON-224x300.jpg 224w\" sizes=\"auto, (max-width: 328px) 100vw, 328px\" \/>\r\n<div class=\"wp-block-cover__inner-container is-layout-flow wp-block-cover-is-layout-flow\">\r\n<div class=\"wp-block-columns are-vertically-aligned-center is-layout-flex wp-container-core-columns-is-layout-9d6595d7 wp-block-columns-is-layout-flex\">\r\n<div class=\"wp-block-column is-vertically-aligned-center is-layout-flow wp-block-column-is-layout-flow\" style=\"padding-right: var(--wp--preset--spacing--20); padding-left: var(--wp--preset--spacing--20); flex-basis: 65%;\">\r\n\r\n\r\n\r\n\r\n<div class=\"wp-block-spacer\" style=\"height: 100px;\" aria-hidden=\"true\">\u00a0<\/div>\r\n<\/div>\r\n<\/div>\r\n<\/div>\r\n<\/div>\r\n\r\n\r\n\r\n<p>Kedves Engesztel\u0151k!<\/p>\r\n\r\n\r\n\r\n<p>\u00d6r\u00f6mmel t\u00e1j\u00e9koztatunk benneteket, hogy megalakult a <strong>Sz\u0171z M\u00e1ria a Vil\u00e1g Gy\u0151zelmes Kir\u00e1lyn\u0151je Engesztel\u0151 T\u00e1rsul\u00e1s<\/strong>, amelynek eredeti alap\u00edt\u00f3ja <strong>Mindszenty J\u00f3zsef b\u00edboros,<\/strong> <strong>els\u0151 f\u0151n\u0151v\u00e9re M\u00e1ria Nat\u00e1lia n\u0151v\u00e9r<\/strong> volt.<\/p>\r\n<p>A T\u00e1rsul\u00e1s 2024. december 10. napj\u00e1n <strong>dr. Sz\u00e9kely J\u00e1nos megy\u00e9sp\u00fcsp\u00f6kt\u0151l<\/strong> enged\u00e9lyt kapott a leteleped\u00e9sre a <strong>Szombathelyi Egyh\u00e1zmegye ter\u00fclet\u00e9n<\/strong>.<\/p>\r\n<p><strong>Celld\u00f6m\u00f6lk\u00f6n \u00fajonch\u00e1zat \u00e9s karit\u00e1szk\u00f6zpontot<\/strong> sz\u00e1nd\u00e9kozik nyitni a k\u00f6z\u00f6ss\u00e9g.<\/p>\r\n<p><img loading=\"lazy\" decoding=\"async\" class=\"alignnone size-medium wp-image-763\" src=\"https:\/\/engesztelotarsulas.hu\/wp-content\/uploads\/2026\/04\/676273860_1677745593534326_1800478612615506237_n-300x200.png\" alt=\"\" width=\"300\" height=\"200\" srcset=\"https:\/\/engesztelotarsulas.hu\/wp-content\/uploads\/2026\/04\/676273860_1677745593534326_1800478612615506237_n-300x200.png 300w, https:\/\/engesztelotarsulas.hu\/wp-content\/uploads\/2026\/04\/676273860_1677745593534326_1800478612615506237_n-1024x682.png 1024w, https:\/\/engesztelotarsulas.hu\/wp-content\/uploads\/2026\/04\/676273860_1677745593534326_1800478612615506237_n-768x512.png 768w, https:\/\/engesztelotarsulas.hu\/wp-content\/uploads\/2026\/04\/676273860_1677745593534326_1800478612615506237_n.png 1280w\" sizes=\"auto, (max-width: 300px) 100vw, 300px\" \/><\/p>\r\n<p>&nbsp;<\/p>\r\n<p>K\u00e9rj\u00fck, hogy azok, akiknek erre lehet\u0151s\u00e9g\u00fck van, seg\u00edts\u00e9k ezt az <strong>alap\u00edt\u00e1st im\u00e1val \u00e9s anyagi t\u00e1mogat\u00e1ssal.<\/strong><\/p>\r\n\r\n\r\n\r\n<p><em><strong>Banki adatok:<\/strong><\/em><\/p>\r\n<p><strong>Sz\u0171z M\u00e1ria a Vil\u00e1g Gy\u0151zelmes Kir\u00e1lyn\u0151je Engesztel\u0151 T\u00e1rsul\u00e1s\u00a0<\/strong><\/p>\r\n<p><strong>K&amp;H Bank: 1041 0400-0000 0190-1876 2783<\/strong><\/p>\r\n\r\n\r\n\r\n<p>Minden seg\u00edt\u0151 t\u00e1mogat\u00e1st el\u0151re is k\u00f6sz\u00f6n\u00fcnk.<\/p>\r\n\r\n\r\n\r\n<p>A T\u00e1rsul\u00e1s tagjai szeretettel v\u00e1rnak \u00faj jelentkez\u0151ket is a k\u00f6z\u00f6ss\u00e9gbe. \u00c9rdekl\u0151dni lehet<\/p>\r\n\r\n\r\n\r\n<p><strong>Regina n\u0151v\u00e9r<\/strong>n\u00e9l. (E-mail c\u00edme:\u00a0<a href=\"mailto:jmszbml@gmail.com\">jmszbml@gmail.com<\/a>, tel: 20 292 6436)<\/p>\r\n\r\n\r\n\r\n<p>&nbsp;<\/p>\r\n<center><b>Dr. Sz\u00e9kely J\u00e1nos<\/b><\/center><center><b>szombathelyi megy\u00e9sp\u00fcsp\u00f6k,<br \/>az MKPK eln\u00f6ke<\/b><\/center><center><a href=\"https:\/\/szekelyjanos.hu\/\">https:\/\/szekelyjanos.hu\/<\/a><\/center><center><img loading=\"lazy\" decoding=\"async\" class=\"alignnone size-medium wp-image-774\" src=\"https:\/\/engesztelotarsulas.hu\/wp-content\/uploads\/2026\/04\/Kapolna-megaldasa-300x200.png\" alt=\"\" width=\"300\" height=\"200\" srcset=\"https:\/\/engesztelotarsulas.hu\/wp-content\/uploads\/2026\/04\/Kapolna-megaldasa-300x200.png 300w, https:\/\/engesztelotarsulas.hu\/wp-content\/uploads\/2026\/04\/Kapolna-megaldasa-1024x682.png 1024w, https:\/\/engesztelotarsulas.hu\/wp-content\/uploads\/2026\/04\/Kapolna-megaldasa-768x512.png 768w, https:\/\/engesztelotarsulas.hu\/wp-content\/uploads\/2026\/04\/Kapolna-megaldasa.png 1280w\" sizes=\"auto, (max-width: 300px) 100vw, 300px\" \/> <img loading=\"lazy\" decoding=\"async\" class=\"alignnone size-medium wp-image-775\" src=\"https:\/\/engesztelotarsulas.hu\/wp-content\/uploads\/2026\/04\/Kolostor-megaldasa1-300x200.png\" alt=\"\" width=\"300\" height=\"200\" srcset=\"https:\/\/engesztelotarsulas.hu\/wp-content\/uploads\/2026\/04\/Kolostor-megaldasa1-300x200.png 300w, https:\/\/engesztelotarsulas.hu\/wp-content\/uploads\/2026\/04\/Kolostor-megaldasa1-1024x682.png 1024w, https:\/\/engesztelotarsulas.hu\/wp-content\/uploads\/2026\/04\/Kolostor-megaldasa1-768x512.png 768w, https:\/\/engesztelotarsulas.hu\/wp-content\/uploads\/2026\/04\/Kolostor-megaldasa1.png 1280w\" sizes=\"auto, (max-width: 300px) 100vw, 300px\" \/><\/center><center><a href=\"https:\/\/www.facebook.com\/media\/set\/?vanity=szekelyjanosmegyespuspok&amp;set=a.1243708957746462\">https:\/\/www.facebook.com\/media\/set\/?vanity=szekelyjanosmegyespuspok&amp;set=a.1243708957746462<\/a><\/center><center><\/center><center><img loading=\"lazy\" decoding=\"async\" class=\"alignnone size-medium wp-image-766\" src=\"https:\/\/engesztelotarsulas.hu\/wp-content\/uploads\/2026\/04\/673789947_27070396245887382_8611860785869916172_n-300x200.png\" alt=\"\" width=\"300\" height=\"200\" srcset=\"https:\/\/engesztelotarsulas.hu\/wp-content\/uploads\/2026\/04\/673789947_27070396245887382_8611860785869916172_n-300x200.png 300w, https:\/\/engesztelotarsulas.hu\/wp-content\/uploads\/2026\/04\/673789947_27070396245887382_8611860785869916172_n-1024x682.png 1024w, https:\/\/engesztelotarsulas.hu\/wp-content\/uploads\/2026\/04\/673789947_27070396245887382_8611860785869916172_n-768x512.png 768w, https:\/\/engesztelotarsulas.hu\/wp-content\/uploads\/2026\/04\/673789947_27070396245887382_8611860785869916172_n.png 1280w\" sizes=\"auto, (max-width: 300px) 100vw, 300px\" \/><\/center><center><a href=\"https:\/\/www.facebook.com\/photo\/?fbid=1243761841074507&amp;set=a.160459459404756&amp;locale=hu_HU\">https:\/\/www.facebook.com\/photo\/?fbid=1243761841074507&amp;set=a.160459459404756&amp;locale=hu_HUKIR\u00c1LYN<\/a><\/center><center><\/center><center><\/center><center><\/center><center><em>\u00c9nek :<\/em> <strong>Vil\u00e1gnak Kir\u00e1lyn\u00e9 Asszonya<\/strong><\/center><center>\r\n<audio class=\"wp-audio-shortcode\" id=\"audio-23-1\" preload=\"none\" style=\"width: 100%;\" controls=\"controls\"><source type=\"audio\/mpeg\" src=\"https:\/\/engesztelotarsulas.hu\/wp-content\/uploads\/2026\/04\/Vilagnak_Kiralyne_Asszonya.mp3?_=1\" \/><a href=\"https:\/\/engesztelotarsulas.hu\/wp-content\/uploads\/2026\/04\/Vilagnak_Kiralyne_Asszonya.mp3\">https:\/\/engesztelotarsulas.hu\/wp-content\/uploads\/2026\/04\/Vilagnak_Kiralyne_Asszonya.mp3<\/a><\/audio>\r\n<\/center><center><\/center><center><\/center><center><\/center>","protected":false},"excerpt":{"rendered":"<p>&#8222;Ha lesz egymilli\u00f3 im\u00e1dkoz\u00f3 magyar, nem f\u00e9lek a j\u00f6v\u0151t\u0151l&#8221;(*) &#8211; mondta Mindszenty J\u00f3zsef b\u00edboros.<\/p>\n","protected":false},"author":1,"featured_media":0,"parent":0,"menu_order":-6,"comment_status":"closed","ping_status":"closed","template":"","meta":{"footnotes":""},"class_list":["entry","page","publish","author-engeszte","post-23"],"_links":{"self":[{"href":"https:\/\/engesztelotarsulas.hu\/index.php\/wp-json\/wp\/v2\/pages\/23","targetHints":{"allow":["GET"]}}],"collection":[{"href":"https:\/\/engesztelotarsulas.hu\/index.php\/wp-json\/wp\/v2\/pages"}],"about":[{"href":"https:\/\/engesztelotarsulas.hu\/index.php\/wp-json\/wp\/v2\/types\/page"}],"author":[{"embeddable":true,"href":"https:\/\/engesztelotarsulas.hu\/index.php\/wp-json\/wp\/v2\/users\/1"}],"replies":[{"embeddable":true,"href":"https:\/\/engesztelotarsulas.hu\/index.php\/wp-json\/wp\/v2\/comments?post=23"}],"version-history":[{"count":100,"href":"https:\/\/engesztelotarsulas.hu\/index.php\/wp-json\/wp\/v2\/pages\/23\/revisions"}],"predecessor-version":[{"id":814,"href":"https:\/\/engesztelotarsulas.hu\/index.php\/wp-json\/wp\/v2\/pages\/23\/revisions\/814"}],"wp:attachment":[{"href":"https:\/\/engesztelotarsulas.hu\/index.php\/wp-json\/wp\/v2\/media?parent=23"}],"curies":[{"name":"wp","href":"https:\/\/api.w.org\/{rel}","templated":true}]}}

ENGESZTELŐ TÁRSULÁS

<h2 class="wp-block-heading">&#8222;Ha lesz egymillió imádkozó magyar, nem félek a jövőtől&#8221;(*) &#8211; mondta Mindszenty József bíboros.</h2>



<div class="wp-block-cover alignfull is-light" style="min-height: 800px;aspect-ratio:unset;"><img loading="lazy" decoding="async" width="328" height="440" class="wp-block-cover__image-background wp-image-338" src="https://engesztelotarsulas.hu/wp-content/uploads/2025/01/vilagkiralynoje.jpg-IKON.jpg" alt="" data-object-fit="cover" srcset="https://engesztelotarsulas.hu/wp-content/uploads/2025/01/vilagkiralynoje.jpg-IKON.jpg 328w, https://engesztelotarsulas.hu/wp-content/uploads/2025/01/vilagkiralynoje.jpg-IKON-224x300.jpg 224w" sizes="auto, (max-width: 328px) 100vw, 328px" />
<div class="wp-block-cover__inner-container is-layout-flow wp-block-cover-is-layout-flow">
<div class="wp-block-columns are-vertically-aligned-center is-layout-flex wp-container-core-columns-is-layout-9d6595d7 wp-block-columns-is-layout-flex">
<div class="wp-block-column is-vertically-aligned-center is-layout-flow wp-block-column-is-layout-flow" style="padding-right: var(--wp--preset--spacing--20); padding-left: var(--wp--preset--spacing--20); flex-basis: 65%;">




<div class="wp-block-spacer" style="height: 100px;" aria-hidden="true"> </div>
</div>
</div>
</div>
</div>



<p>Kedves Engesztelők!</p>



<p>Örömmel tájékoztatunk benneteket, hogy megalakult a <strong>Szűz Mária a Világ Győzelmes Királynője Engesztelő Társulás</strong>, amelynek eredeti alapítója <strong>Mindszenty József bíboros,</strong> <strong>első főnővére Mária Natália nővér</strong> volt.</p>
<p>A Társulás 2024. december 10. napján <strong>dr. Székely János megyéspüspöktől</strong> engedélyt kapott a letelepedésre a <strong>Szombathelyi Egyházmegye területén</strong>.</p>
<p><strong>Celldömölkön újoncházat és karitászközpontot</strong> szándékozik nyitni a közösség.</p>
<p><img loading="lazy" decoding="async" class="alignnone size-medium wp-image-763" src="https://engesztelotarsulas.hu/wp-content/uploads/2026/04/676273860_1677745593534326_1800478612615506237_n-300x200.png" alt="" width="300" height="200" srcset="https://engesztelotarsulas.hu/wp-content/uploads/2026/04/676273860_1677745593534326_1800478612615506237_n-300x200.png 300w, https://engesztelotarsulas.hu/wp-content/uploads/2026/04/676273860_1677745593534326_1800478612615506237_n-1024x682.png 1024w, https://engesztelotarsulas.hu/wp-content/uploads/2026/04/676273860_1677745593534326_1800478612615506237_n-768x512.png 768w, https://engesztelotarsulas.hu/wp-content/uploads/2026/04/676273860_1677745593534326_1800478612615506237_n.png 1280w" sizes="auto, (max-width: 300px) 100vw, 300px" /></p>
<p>&nbsp;</p>
<p>Kérjük, hogy azok, akiknek erre lehetőségük van, segítsék ezt az <strong>alapítást imával és anyagi támogatással.</strong></p>



<p><em><strong>Banki adatok:</strong></em></p>
<p><strong>Szűz Mária a Világ Győzelmes Királynője Engesztelő Társulás </strong></p>
<p><strong>K&amp;H Bank: 1041 0400-0000 0190-1876 2783</strong></p>



<p>Minden segítő támogatást előre is köszönünk.</p>



<p>A Társulás tagjai szeretettel várnak új jelentkezőket is a közösségbe. Érdeklődni lehet</p>



<p><strong>Regina nővér</strong>nél. (E-mail címe: <a href="mailto:jmszbml@gmail.com">jmszbml@gmail.com</a>, tel: 20 292 6436)</p>



<p>&nbsp;</p>
<center><b>Dr. Székely János</b></center><center><b>szombathelyi megyéspüspök,<br />az MKPK elnöke</b></center><center><a href="https://szekelyjanos.hu/">https://szekelyjanos.hu/</a></center><center><img loading="lazy" decoding="async" class="alignnone size-medium wp-image-774" src="https://engesztelotarsulas.hu/wp-content/uploads/2026/04/Kapolna-megaldasa-300x200.png" alt="" width="300" height="200" srcset="https://engesztelotarsulas.hu/wp-content/uploads/2026/04/Kapolna-megaldasa-300x200.png 300w, https://engesztelotarsulas.hu/wp-content/uploads/2026/04/Kapolna-megaldasa-1024x682.png 1024w, https://engesztelotarsulas.hu/wp-content/uploads/2026/04/Kapolna-megaldasa-768x512.png 768w, https://engesztelotarsulas.hu/wp-content/uploads/2026/04/Kapolna-megaldasa.png 1280w" sizes="auto, (max-width: 300px) 100vw, 300px" /> <img loading="lazy" decoding="async" class="alignnone size-medium wp-image-775" src="https://engesztelotarsulas.hu/wp-content/uploads/2026/04/Kolostor-megaldasa1-300x200.png" alt="" width="300" height="200" srcset="https://engesztelotarsulas.hu/wp-content/uploads/2026/04/Kolostor-megaldasa1-300x200.png 300w, https://engesztelotarsulas.hu/wp-content/uploads/2026/04/Kolostor-megaldasa1-1024x682.png 1024w, https://engesztelotarsulas.hu/wp-content/uploads/2026/04/Kolostor-megaldasa1-768x512.png 768w, https://engesztelotarsulas.hu/wp-content/uploads/2026/04/Kolostor-megaldasa1.png 1280w" sizes="auto, (max-width: 300px) 100vw, 300px" /></center><center><a href="https://www.facebook.com/media/set/?vanity=szekelyjanosmegyespuspok&amp;set=a.1243708957746462">https://www.facebook.com/media/set/?vanity=szekelyjanosmegyespuspok&amp;set=a.1243708957746462</a></center><center></center><center><img loading="lazy" decoding="async" class="alignnone size-medium wp-image-766" src="https://engesztelotarsulas.hu/wp-content/uploads/2026/04/673789947_27070396245887382_8611860785869916172_n-300x200.png" alt="" width="300" height="200" srcset="https://engesztelotarsulas.hu/wp-content/uploads/2026/04/673789947_27070396245887382_8611860785869916172_n-300x200.png 300w, https://engesztelotarsulas.hu/wp-content/uploads/2026/04/673789947_27070396245887382_8611860785869916172_n-1024x682.png 1024w, https://engesztelotarsulas.hu/wp-content/uploads/2026/04/673789947_27070396245887382_8611860785869916172_n-768x512.png 768w, https://engesztelotarsulas.hu/wp-content/uploads/2026/04/673789947_27070396245887382_8611860785869916172_n.png 1280w" sizes="auto, (max-width: 300px) 100vw, 300px" /></center><center><a href="https://www.facebook.com/photo/?fbid=1243761841074507&amp;set=a.160459459404756&amp;locale=hu_HU">https://www.facebook.com/photo/?fbid=1243761841074507&amp;set=a.160459459404756&amp;locale=hu_HUKIRÁLYN</a></center><center></center><center></center><center></center><center><em>Ének :</em> <strong>Világnak Királyné Asszonya</strong></center><center>
<audio class="wp-audio-shortcode" id="audio-23-1" preload="none" style="width: 100%;" controls="controls"><source type="audio/mpeg" src="https://engesztelotarsulas.hu/wp-content/uploads/2026/04/Vilagnak_Kiralyne_Asszonya.mp3?_=1" /><a href="https://engesztelotarsulas.hu/wp-content/uploads/2026/04/Vilagnak_Kiralyne_Asszonya.mp3">https://engesztelotarsulas.hu/wp-content/uploads/2026/04/Vilagnak_Kiralyne_Asszonya.mp3</a></audio>
</center><center></center><center></center><center></center>

<p>&#8222;Ha lesz egymillió imádkozó magyar, nem félek a jövőtől&#8221;(*) &#8211; mondta Mindszenty József bíboros.</p>
