{"id":123,"date":"2026-04-12T22:00:58","date_gmt":"2026-04-12T20:00:58","guid":{"rendered":"https:\/\/engesztelotarsulas.hu\/?page_id=123"},"modified":"2026-04-20T20:29:39","modified_gmt":"2026-04-20T18:29:39","slug":"programok-imanapok","status":"publish","type":"page","link":"https:\/\/engesztelotarsulas.hu\/index.php\/programok-imanapok\/","title":{"rendered":"IMA\u00d3R\u00c1K &#038; LELKINAPOK"},"content":{"rendered":"\r\n<figure class=\"wp-block-image size-full\"><\/figure>\r\n<figure class=\"wp-block-image size-full\"><\/figure>\r\n<figure class=\"wp-block-image size-full\"><img loading=\"lazy\" decoding=\"async\" class=\"alignnone size-medium wp-image-583\" src=\"https:\/\/engesztelotarsulas.hu\/wp-content\/uploads\/2026\/01\/Regina-nover-az-oltariszentseg-elott-225x300.jpg\" alt=\"\" width=\"225\" height=\"300\" \/><img decoding=\"async\" class=\"wp-image-180\" src=\"https:\/\/engesztelotarsulas.hu\/wp-content\/uploads\/2025\/01\/REGINA-nover-Szentsegimadason.png\" alt=\"\" \/><\/figure>\r\n\r\n\r\n\r\n<p><strong>Szents\u00e9gim\u00e1d\u00e1s\u00a0 :\u00a0 <\/strong>T\u00f6bblet ima\u00f3ra k\u00f6nyvb\u0151l &#8211; Let\u00f6lt\u00e9s <a href=\"https:\/\/engesztelok.hu\/tobblet.pdf\">https:\/\/engesztelok.hu\/tobblet.pdf<\/a><\/p>\r\n\r\n\r\n\r\n\r\n\r\n<p>&nbsp;<\/p>\r\n<p><img loading=\"lazy\" decoding=\"async\" class=\"alignnone size-medium wp-image-209\" src=\"https:\/\/engesztelotarsulas.hu\/wp-content\/uploads\/2025\/01\/SZENT-ANNA-RET-Kapolna-SZENTELES-1-300x216.jpg\" alt=\"\" width=\"300\" height=\"216\" srcset=\"https:\/\/engesztelotarsulas.hu\/wp-content\/uploads\/2025\/01\/SZENT-ANNA-RET-Kapolna-SZENTELES-1-300x216.jpg 300w, https:\/\/engesztelotarsulas.hu\/wp-content\/uploads\/2025\/01\/SZENT-ANNA-RET-Kapolna-SZENTELES-1-1024x737.jpg 1024w, https:\/\/engesztelotarsulas.hu\/wp-content\/uploads\/2025\/01\/SZENT-ANNA-RET-Kapolna-SZENTELES-1-768x553.jpg 768w, https:\/\/engesztelotarsulas.hu\/wp-content\/uploads\/2025\/01\/SZENT-ANNA-RET-Kapolna-SZENTELES-1.jpg 1200w\" sizes=\"auto, (max-width: 300px) 100vw, 300px\" \/><\/p>\r\n<p><strong>Els\u0151 szombat<\/strong> az Anna r\u00e9ten &#8211;\u00a0<\/p>\r\n<p><a href=\"https:\/\/engesztelok.hu\/?s=els%C5%91+szombat&amp;submit=Search\">https:\/\/engesztelok.hu\/?s=els%C5%91+szombat&amp;submit=Search<\/a><\/p>\r\n<h4><img loading=\"lazy\" decoding=\"async\" class=\"alignnone size-medium wp-image-631\" src=\"https:\/\/engesztelotarsulas.hu\/wp-content\/uploads\/2026\/04\/Orszagos-Engesztelo-Imamozgalom-2-261x300.jpg\" alt=\"\" width=\"261\" height=\"300\" srcset=\"https:\/\/engesztelotarsulas.hu\/wp-content\/uploads\/2026\/04\/Orszagos-Engesztelo-Imamozgalom-2-261x300.jpg 261w, https:\/\/engesztelotarsulas.hu\/wp-content\/uploads\/2026\/04\/Orszagos-Engesztelo-Imamozgalom-2-890x1024.jpg 890w, https:\/\/engesztelotarsulas.hu\/wp-content\/uploads\/2026\/04\/Orszagos-Engesztelo-Imamozgalom-2-768x883.jpg 768w, https:\/\/engesztelotarsulas.hu\/wp-content\/uploads\/2026\/04\/Orszagos-Engesztelo-Imamozgalom-2.jpg 1259w\" sizes=\"auto, (max-width: 261px) 100vw, 261px\" \/><\/h4>\r\n<h4 class=\" loop-title entry-title\">IMA\u00d3RA -lehet\u0151leg naponta a Boldogs\u00e1gos Sz\u0171z M\u00e1ria Vil\u00e1g Gy\u0151zelmes Kir\u00e1lyn\u0151je engesztel\u0151 k\u00e1poln\u00e1j\u00e1n\u00e1l a Szent Anna-r\u00e9ten orsz\u00e1gos \u00f6sszefog\u00e1ssal<\/h4>\r\n<p><strong>BEOSZT\u00c1S Megtekinthet\u0151:<\/strong><\/p>\r\n<p><a href=\"https:\/\/docs.google.com\/spreadsheets\/d\/1B4kkImtMX3lg8ANvTaPFwSzWCnM3Eqr-\/edit?gid=220014452#gid=220014452\">https:\/\/docs.google.com\/spreadsheets\/d\/1B4kkImtMX3lg8ANvTaPFwSzWCnM3Eqr-\/edit?gid=220014452#gid=220014452<\/a><\/p>\r\n<p><strong>FELH\u00cdV\u00c1S sz\u00f6vege:<\/strong><\/p>\r\n<p><a href=\"https:\/\/engesztelok.hu\/minden-nap-imaora-a-boldogsagos-szuz-maria-vilag-gyozelmes-kiralynoje-engesztelo-kapolnajanal-a-szent-anna-reten\/\">https:\/\/engesztelok.hu\/minden-nap-imaora-a-boldogsagos-szuz-maria-vilag-gyozelmes-kiralynoje-engesztelo-kapolnajanal-a-szent-anna-reten\/<\/a><\/p>\r\n<p><img loading=\"lazy\" decoding=\"async\" class=\"alignnone size-medium wp-image-566\" src=\"https:\/\/engesztelotarsulas.hu\/wp-content\/uploads\/2026\/01\/Illi-szerzetes-Laetitia-nover-225x300.jpg\" alt=\"\" width=\"225\" height=\"300\" srcset=\"https:\/\/engesztelotarsulas.hu\/wp-content\/uploads\/2026\/01\/Illi-szerzetes-Laetitia-nover-225x300.jpg 225w, https:\/\/engesztelotarsulas.hu\/wp-content\/uploads\/2026\/01\/Illi-szerzetes-Laetitia-nover-768x1024.jpg 768w, https:\/\/engesztelotarsulas.hu\/wp-content\/uploads\/2026\/01\/Illi-szerzetes-Laetitia-nover-1152x1536.jpg 1152w, https:\/\/engesztelotarsulas.hu\/wp-content\/uploads\/2026\/01\/Illi-szerzetes-Laetitia-nover-1536x2048.jpg 1536w, https:\/\/engesztelotarsulas.hu\/wp-content\/uploads\/2026\/01\/Illi-szerzetes-Laetitia-nover-scaled.jpg 1920w\" sizes=\"auto, (max-width: 225px) 100vw, 225px\" \/><\/p>\r\n<p><strong>NY\u00cdLT\u00a0 IMANAPOK szervez\u00e9se:<\/strong><\/p>\r\n\r\n\r\n\r\n<p>Program:<br \/>13:15\u00a0\u00a0\u00a0 R\u00f3zsaf\u00fcz\u00e9r elm\u00e9lked\u00e9ssel<\/p>\r\n\r\n\r\n\r\n<p>14:00 \u00a0\u00a0 Szent\u00edr\u00e1si dial\u00f3gus<\/p>\r\n\r\n\r\n\r\n<p>15:00\u00a0\u00a0\u00a0 Az Irgalmass\u00e1g r\u00f3zsaf\u00fcz\u00e9re<br \/>15:15\u00a0\u00a0\u00a0 El\u0151ad\u00e1s<\/p>\r\n\r\n\r\n\r\n<p>16:00 Szentmise<\/p>\r\n\r\n\r\n\r\n<p>17:00 Csendes szents\u00e9gim\u00e1d\u00e1s<\/p>\r\n<p><strong>CELLD\u00d6M\u00d6LK- Nagyboldogasszony Pl\u00e9b\u00e1nia Templom\u00a0<\/strong><\/p>\r\n<p><a href=\"https:\/\/www.facebook.com\/KiscelliKegytemplom?locale=hu_HU\">https:\/\/www.facebook.com\/KiscelliKegytemplom?locale=hu_HU<\/a><\/p>\r\n<p>&nbsp;<\/p>\r\n<p><strong>CELLD\u00d6M\u00d6LK- KOLOSTOR<\/strong><\/p>\r\n<p><img loading=\"lazy\" decoding=\"async\" class=\"alignnone size-medium wp-image-763\" src=\"https:\/\/engesztelotarsulas.hu\/wp-content\/uploads\/2026\/04\/676273860_1677745593534326_1800478612615506237_n-300x200.png\" alt=\"\" width=\"300\" height=\"200\" srcset=\"https:\/\/engesztelotarsulas.hu\/wp-content\/uploads\/2026\/04\/676273860_1677745593534326_1800478612615506237_n-300x200.png 300w, https:\/\/engesztelotarsulas.hu\/wp-content\/uploads\/2026\/04\/676273860_1677745593534326_1800478612615506237_n-1024x682.png 1024w, https:\/\/engesztelotarsulas.hu\/wp-content\/uploads\/2026\/04\/676273860_1677745593534326_1800478612615506237_n-768x512.png 768w, https:\/\/engesztelotarsulas.hu\/wp-content\/uploads\/2026\/04\/676273860_1677745593534326_1800478612615506237_n.png 1280w\" sizes=\"auto, (max-width: 300px) 100vw, 300px\" \/><\/p>\r\n<p>KOLOSTOR SZENTEL\u00c9S- Ima\u00f3r\u00e1val<\/p>\r\n<p><img loading=\"lazy\" decoding=\"async\" class=\"alignnone size-medium wp-image-757\" src=\"https:\/\/engesztelotarsulas.hu\/wp-content\/uploads\/2026\/04\/Kaplan-es-a-puspok-300x200.png\" alt=\"\" width=\"300\" height=\"200\" \/><\/p>\r\n<p><a href=\"https:\/\/www.facebook.com\/photo\/?fbid=1243705647746793&amp;set=pcb.1243708977746460&amp;locale=hu_HU\">https:\/\/www.facebook.com\/photo\/?fbid=1243705647746793&amp;set=pcb.1243708977746460&amp;locale=hu_HU<\/a><\/p>\r\n<p>SZENTBESZ\u00c9D a Kolostor Szentel\u00e9s alatt<\/p>\r\n<p><img loading=\"lazy\" decoding=\"async\" class=\"alignnone size-medium wp-image-766\" src=\"https:\/\/engesztelotarsulas.hu\/wp-content\/uploads\/2026\/04\/673789947_27070396245887382_8611860785869916172_n-300x200.png\" alt=\"\" width=\"300\" height=\"200\" srcset=\"https:\/\/engesztelotarsulas.hu\/wp-content\/uploads\/2026\/04\/673789947_27070396245887382_8611860785869916172_n-300x200.png 300w, https:\/\/engesztelotarsulas.hu\/wp-content\/uploads\/2026\/04\/673789947_27070396245887382_8611860785869916172_n-1024x682.png 1024w, https:\/\/engesztelotarsulas.hu\/wp-content\/uploads\/2026\/04\/673789947_27070396245887382_8611860785869916172_n-768x512.png 768w, https:\/\/engesztelotarsulas.hu\/wp-content\/uploads\/2026\/04\/673789947_27070396245887382_8611860785869916172_n.png 1280w\" sizes=\"auto, (max-width: 300px) 100vw, 300px\" \/><\/p>\r\n<p><a href=\"https:\/\/www.facebook.com\/photo\/?fbid=1243761841074507&amp;set=a.160459459404756&amp;locale=hu_HU\">https:\/\/www.facebook.com\/photo\/?fbid=1243761841074507&amp;set=a.160459459404756&amp;locale=hu_HU<\/a><\/p>\r\n\r\n\r\n\r\n<p>Az els\u0151 <strong>IMA\u00d3RA<\/strong>\u00a0 a Celld\u00f6m\u00f6lki Kolostorban:<\/p>\r\n<p>&nbsp;<\/p>\r\n<p><img loading=\"lazy\" decoding=\"async\" class=\"alignnone size-medium wp-image-770\" src=\"https:\/\/engesztelotarsulas.hu\/wp-content\/uploads\/2026\/04\/Oltariszentseg-imadas-vezetese-Istvan-Celldomolki-Kaplan-urral-300x200.png\" alt=\"\" width=\"300\" height=\"200\" srcset=\"https:\/\/engesztelotarsulas.hu\/wp-content\/uploads\/2026\/04\/Oltariszentseg-imadas-vezetese-Istvan-Celldomolki-Kaplan-urral-300x200.png 300w, https:\/\/engesztelotarsulas.hu\/wp-content\/uploads\/2026\/04\/Oltariszentseg-imadas-vezetese-Istvan-Celldomolki-Kaplan-urral-1024x682.png 1024w, https:\/\/engesztelotarsulas.hu\/wp-content\/uploads\/2026\/04\/Oltariszentseg-imadas-vezetese-Istvan-Celldomolki-Kaplan-urral-768x512.png 768w, https:\/\/engesztelotarsulas.hu\/wp-content\/uploads\/2026\/04\/Oltariszentseg-imadas-vezetese-Istvan-Celldomolki-Kaplan-urral.png 1280w\" sizes=\"auto, (max-width: 300px) 100vw, 300px\" \/><img loading=\"lazy\" decoding=\"async\" class=\"alignnone size-medium wp-image-771\" src=\"https:\/\/engesztelotarsulas.hu\/wp-content\/uploads\/2026\/04\/Vendegek-es-apacak-1-300x200.png\" alt=\"\" width=\"300\" height=\"200\" srcset=\"https:\/\/engesztelotarsulas.hu\/wp-content\/uploads\/2026\/04\/Vendegek-es-apacak-1-300x200.png 300w, https:\/\/engesztelotarsulas.hu\/wp-content\/uploads\/2026\/04\/Vendegek-es-apacak-1-1024x682.png 1024w, https:\/\/engesztelotarsulas.hu\/wp-content\/uploads\/2026\/04\/Vendegek-es-apacak-1-768x512.png 768w, https:\/\/engesztelotarsulas.hu\/wp-content\/uploads\/2026\/04\/Vendegek-es-apacak-1.png 1280w\" sizes=\"auto, (max-width: 300px) 100vw, 300px\" \/><\/p>\r\n<p>&nbsp;<\/p>\r\n","protected":false},"excerpt":{"rendered":"<p>Szents\u00e9gim\u00e1d\u00e1s\u00a0 :\u00a0 T\u00f6bblet ima\u00f3ra k\u00f6nyvb\u0151l &#8211; Let\u00f6lt\u00e9s https:\/\/engesztelok.hu\/tobblet.pdf &nbsp; Els\u0151 szombat az Anna r\u00e9ten &#8211;\u00a0 https:\/\/engesztelok.hu\/?s=els%C5%91+szombat&amp;submit=Search IMA\u00d3RA -lehet\u0151leg naponta a Boldogs\u00e1gos Sz\u0171z M\u00e1ria Vil\u00e1g Gy\u0151zelmes Kir\u00e1lyn\u0151je engesztel\u0151 k\u00e1poln\u00e1j\u00e1n\u00e1l a Szent Anna-r\u00e9ten orsz\u00e1gos \u00f6sszefog\u00e1ssal BEOSZT\u00c1S Megtekinthet\u0151: https:\/\/docs.google.com\/spreadsheets\/d\/1B4kkImtMX3lg8ANvTaPFwSzWCnM3Eqr-\/edit?gid=220014452#gid=220014452 FELH\u00cdV\u00c1S sz\u00f6vege: https:\/\/engesztelok.hu\/minden-nap-imaora-a-boldogsagos-szuz-maria-vilag-gyozelmes-kiralynoje-engesztelo-kapolnajanal-a-szent-anna-reten\/ NY\u00cdLT\u00a0 IMANAPOK szervez\u00e9se: Program:13:15\u00a0\u00a0\u00a0 R\u00f3zsaf\u00fcz\u00e9r elm\u00e9lked\u00e9ssel 14:00 \u00a0\u00a0 Szent\u00edr\u00e1si dial\u00f3gus 15:00\u00a0\u00a0\u00a0 Az Irgalmass\u00e1g r\u00f3zsaf\u00fcz\u00e9re15:15\u00a0\u00a0\u00a0 El\u0151ad\u00e1s 16:00 &#8230; <span class=\"more\"><a class=\"more-link\" href=\"https:\/\/engesztelotarsulas.hu\/index.php\/programok-imanapok\/\">[Read more&#8230;]<\/a><\/span><\/p>\n","protected":false},"author":1,"featured_media":768,"parent":0,"menu_order":1,"comment_status":"closed","ping_status":"closed","template":"","meta":{"footnotes":""},"class_list":{"0":"entry","1":"page","2":"publish","3":"author-engeszte","4":"post-123","6":"has-post-thumbnail"},"_links":{"self":[{"href":"https:\/\/engesztelotarsulas.hu\/index.php\/wp-json\/wp\/v2\/pages\/123","targetHints":{"allow":["GET"]}}],"collection":[{"href":"https:\/\/engesztelotarsulas.hu\/index.php\/wp-json\/wp\/v2\/pages"}],"about":[{"href":"https:\/\/engesztelotarsulas.hu\/index.php\/wp-json\/wp\/v2\/types\/page"}],"author":[{"embeddable":true,"href":"https:\/\/engesztelotarsulas.hu\/index.php\/wp-json\/wp\/v2\/users\/1"}],"replies":[{"embeddable":true,"href":"https:\/\/engesztelotarsulas.hu\/index.php\/wp-json\/wp\/v2\/comments?post=123"}],"version-history":[{"count":28,"href":"https:\/\/engesztelotarsulas.hu\/index.php\/wp-json\/wp\/v2\/pages\/123\/revisions"}],"predecessor-version":[{"id":798,"href":"https:\/\/engesztelotarsulas.hu\/index.php\/wp-json\/wp\/v2\/pages\/123\/revisions\/798"}],"wp:featuredmedia":[{"embeddable":true,"href":"https:\/\/engesztelotarsulas.hu\/index.php\/wp-json\/wp\/v2\/media\/768"}],"wp:attachment":[{"href":"https:\/\/engesztelotarsulas.hu\/index.php\/wp-json\/wp\/v2\/media?parent=123"}],"curies":[{"name":"wp","href":"https:\/\/api.w.org\/{rel}","templated":true}]}}